CRAN Package Check Results for Package cohorttools

Last updated on 2021-09-26 16:49:08 CEST.

Flavor Version Tinstall Tcheck Ttotal Status Flags
r-devel-linux-x86_64-debian-clang 0.1.4 11.38 103.20 114.58 NOTE
r-devel-linux-x86_64-debian-gcc 0.1.4 9.79 76.83 86.62 NOTE
r-devel-linux-x86_64-fedora-clang 0.1.4 143.48 NOTE
r-devel-linux-x86_64-fedora-gcc 0.1.4 138.24 NOTE
r-devel-windows-x86_64 0.1.4 14.00 100.00 114.00 NOTE
r-devel-windows-x86_64-gcc10-UCRT 0.1.4 NOTE
r-patched-linux-x86_64 0.1.4 15.47 95.07 110.54 NOTE
r-release-linux-x86_64 0.1.4 9.14 96.30 105.44 NOTE
r-release-macos-arm64 0.1.4 NOTE
r-release-macos-x86_64 0.1.4 NOTE
r-release-windows-ix86+x86_64 0.1.4 30.00 103.00 133.00 NOTE
r-oldrel-macos-x86_64 0.1.4 OK
r-oldrel-windows-ix86+x86_64 0.1.4 21.00 104.00 125.00 OK

Check Details

Version: 0.1.4
Check: LazyData
Result: NOTE
     'LazyData' is specified without a 'data' directory
Flavors: r-devel-linux-x86_64-debian-clang, r-devel-linux-x86_64-debian-gcc, r-devel-linux-x86_64-fedora-clang, r-devel-linux-x86_64-fedora-gcc, r-devel-windows-x86_64, r-devel-windows-x86_64-gcc10-UCRT, r-patched-linux-x86_64, r-release-linux-x86_64, r-release-macos-arm64, r-release-macos-x86_64, r-release-windows-ix86+x86_64