Last updated on 2023-03-30 05:49:05 CEST.
Flavor | Version | Tinstall | Tcheck | Ttotal | Status | Flags |
---|---|---|---|---|---|---|
r-devel-linux-x86_64-debian-clang | 1.0.3 | 4.37 | 53.83 | 58.20 | OK | |
r-devel-linux-x86_64-debian-gcc | 1.0.3 | 3.80 | 42.25 | 46.05 | OK | |
r-devel-linux-x86_64-fedora-clang | 1.0.3 | 76.28 | OK | |||
r-devel-linux-x86_64-fedora-gcc | 1.0.3 | 82.93 | OK | |||
r-devel-windows-x86_64 | 1.0.3 | 15.00 | 95.00 | 110.00 | OK | |
r-patched-linux-x86_64 | 1.0.3 | 5.39 | 53.27 | 58.66 | OK | |
r-release-linux-x86_64 | 1.0.3 | 5.59 | 51.76 | 57.35 | OK | |
r-release-macos-arm64 | 1.0.3 | 28.00 | OK | |||
r-release-macos-x86_64 | 1.0.3 | 38.00 | OK | |||
r-release-windows-x86_64 | 1.0.3 | 18.00 | 86.00 | 104.00 | OK | |
r-oldrel-macos-arm64 | 1.0.3 | 32.00 | OK | |||
r-oldrel-macos-x86_64 | 1.0.3 | 41.00 | OK | |||
r-oldrel-windows-ix86+x86_64 | 1.0.3 | 12.00 | 82.00 | 94.00 | ERROR |
Version: 1.0.3
Check: PDF version of manual
Result: WARN
LaTeX errors when creating PDF version.
This typically indicates Rd problems.
LaTeX errors found:
! Package inputenc Error: Unicode char â<c2><80><c2><90> (U+2010)
(inputenc) not set up for use with LaTeX.
See the inputenc package documentation for explanation.
Type H <return> for immediate help.
! Package inputenc Error: Unicode char â<c2><80><c2><90> (U+2010)
(inputenc) not set up for use with LaTeX.
See the inputenc package documentation for explanation.
Type H <return> for immediate help.
Flavor: r-oldrel-windows-ix86+x86_64
Version: 1.0.3
Check: PDF version of manual without hyperrefs or index
Result: ERROR
Flavor: r-oldrel-windows-ix86+x86_64