CRAN Package Check Results for Package cocktailApp

Last updated on 2022-08-15 21:54:33 CEST.

Flavor Version Tinstall Tcheck Ttotal Status Flags
r-devel-linux-x86_64-debian-clang 0.2.2 9.09 122.03 131.12 OK
r-devel-linux-x86_64-debian-gcc 0.2.2 7.37 90.13 97.50 OK
r-devel-linux-x86_64-fedora-clang 0.2.2 162.96 NOTE
r-devel-linux-x86_64-fedora-gcc 0.2.2 161.77 NOTE
r-devel-windows-x86_64 0.2.2 31.00 140.00 171.00 OK
r-patched-linux-x86_64 0.2.2 8.10 113.73 121.83 OK
r-release-linux-x86_64 0.2.2 6.98 114.07 121.05 OK
r-release-macos-arm64 0.2.2 46.00 NOTE
r-release-macos-x86_64 0.2.2 93.00 NOTE
r-release-windows-x86_64 0.2.2 21.00 143.00 164.00 OK
r-oldrel-macos-arm64 0.2.2 56.00 NOTE
r-oldrel-macos-x86_64 0.2.2 87.00 NOTE
r-oldrel-windows-ix86+x86_64 0.2.2 22.00 147.00 169.00 OK

Check Details

Version: 0.2.2
Check: data for non-ASCII characters
Result: NOTE
     Note: found 14729 marked UTF-8 strings
Flavors: r-devel-linux-x86_64-fedora-clang, r-devel-linux-x86_64-fedora-gcc, r-release-macos-arm64, r-release-macos-x86_64, r-oldrel-macos-arm64, r-oldrel-macos-x86_64