CRAN Package Check Results for Package cocktailApp

Last updated on 2021-09-25 16:49:22 CEST.

Flavor Version Tinstall Tcheck Ttotal Status Flags
r-devel-linux-x86_64-debian-clang 0.2.2 8.31 107.53 115.84 OK
r-devel-linux-x86_64-debian-gcc 0.2.2 6.63 79.88 86.51 OK
r-devel-linux-x86_64-fedora-clang 0.2.2 144.16 NOTE
r-devel-linux-x86_64-fedora-gcc 0.2.2 132.90 NOTE
r-devel-windows-x86_64 0.2.2 9.00 97.00 106.00 OK
r-devel-windows-x86_64-gcc10-UCRT 0.2.2 NOTE
r-patched-linux-x86_64 0.2.2 4.48 99.47 103.95 OK
r-patched-solaris-x86 0.2.2 192.30 NOTE
r-release-linux-x86_64 0.2.2 5.23 99.30 104.53 OK
r-release-macos-arm64 0.2.2 NOTE
r-release-macos-x86_64 0.2.2 NOTE
r-release-windows-ix86+x86_64 0.2.2 19.00 94.00 113.00 OK
r-oldrel-macos-x86_64 0.2.2 NOTE
r-oldrel-windows-ix86+x86_64 0.2.2 15.00 111.00 126.00 OK

Check Details

Version: 0.2.2
Check: data for non-ASCII characters
Result: NOTE
     Note: found 14729 marked UTF-8 strings
Flavors: r-devel-linux-x86_64-fedora-clang, r-devel-linux-x86_64-fedora-gcc, r-devel-windows-x86_64-gcc10-UCRT, r-patched-solaris-x86, r-release-macos-arm64, r-release-macos-x86_64, r-oldrel-macos-x86_64