CRAN Package Check Results for Package cnum

Last updated on 2021-07-26 19:49:12 CEST.

Flavor Version Tinstall Tcheck Ttotal Status Flags
r-devel-linux-x86_64-debian-clang 0.1.3 45.08 30.08 75.16 NOTE
r-devel-linux-x86_64-debian-gcc 0.1.3 33.02 23.83 56.85 NOTE
r-devel-linux-x86_64-fedora-clang 0.1.3 105.35 NOTE
r-devel-linux-x86_64-fedora-gcc 0.1.3 98.69 NOTE
r-devel-windows-x86_64 0.1.3 52.00 60.00 112.00 NOTE
r-devel-windows-x86_64-gcc10-UCRT 0.1.3 NOTE
r-patched-linux-x86_64 0.1.3 37.36 29.22 66.58 NOTE
r-patched-solaris-x86 0.1.3 108.70 NOTE
r-release-linux-x86_64 0.1.3 37.61 29.34 66.95 NOTE
r-release-macos-arm64 0.1.3 NOTE
r-release-macos-x86_64 0.1.3 NOTE
r-release-windows-ix86+x86_64 0.1.3 101.00 70.00 171.00 NOTE
r-oldrel-macos-x86_64 0.1.3 OK
r-oldrel-windows-ix86+x86_64 0.1.3 75.00 75.00 150.00 OK

Check Details

Version: 0.1.3
Check: LazyData
Result: NOTE
     'LazyData' is specified without a 'data' directory
Flavors: r-devel-linux-x86_64-debian-clang, r-devel-linux-x86_64-debian-gcc, r-devel-linux-x86_64-fedora-clang, r-devel-linux-x86_64-fedora-gcc, r-devel-windows-x86_64, r-devel-windows-x86_64-gcc10-UCRT, r-patched-linux-x86_64, r-patched-solaris-x86, r-release-linux-x86_64, r-release-macos-arm64, r-release-macos-x86_64, r-release-windows-ix86+x86_64