CRAN Package Check Results for Package clustDRM

Last updated on 2021-12-06 11:51:51 CET.

Flavor Version Tinstall Tcheck Ttotal Status Flags
r-devel-linux-x86_64-debian-clang 0.1-0 24.67 188.73 213.40 OK
r-devel-linux-x86_64-debian-gcc 0.1-0 21.08 147.07 168.15 OK
r-devel-linux-x86_64-fedora-clang 0.1-0 263.66 NOTE
r-devel-linux-x86_64-fedora-gcc 0.1-0 253.35 NOTE
r-devel-windows-x86_64-new-UL 0.1-0 40.00 233.00 273.00 OK
r-devel-windows-x86_64-new-TK 0.1-0 NOTE
r-devel-windows-x86_64-old 0.1-0 33.00 147.00 180.00 OK
r-patched-linux-x86_64 0.1-0 25.57 174.40 199.97 OK
r-release-linux-x86_64 0.1-0 24.60 184.13 208.73 OK
r-release-macos-arm64 0.1-0 ERROR
r-release-macos-x86_64 0.1-0 ERROR
r-release-windows-ix86+x86_64 0.1-0 48.00 192.00 240.00 OK
r-oldrel-macos-x86_64 0.1-0 ERROR
r-oldrel-windows-ix86+x86_64 0.1-0 51.00 201.00 252.00 OK

Check Details

Version: 0.1-0
Check: dependencies in R code
Result: NOTE
    Namespace in Imports field not imported from: ‘DT’
     All declared Imports should be used.
Flavors: r-devel-linux-x86_64-fedora-clang, r-devel-linux-x86_64-fedora-gcc, r-devel-windows-x86_64-new-TK

Version: 0.1-0
Check: package dependencies
Result: ERROR
    Package required but not available: ‘IsoGene’
    
    See section ‘The DESCRIPTION file’ in the ‘Writing R Extensions’
    manual.
Flavors: r-release-macos-arm64, r-release-macos-x86_64, r-oldrel-macos-x86_64