CRAN Package Check Results for Package clock

Last updated on 2022-01-23 00:57:07 CET.

Flavor Version Tinstall Tcheck Ttotal Status Flags
r-devel-linux-x86_64-debian-clang 0.6.0 351.13 125.85 476.98 OK
r-devel-linux-x86_64-debian-gcc 0.6.0 221.12 102.48 323.60 OK
r-devel-linux-x86_64-fedora-clang 0.6.0 665.31 NOTE
r-devel-linux-x86_64-fedora-gcc 0.6.0 572.70 OK
r-devel-windows-x86_64-new-UL 0.6.0 376.00 235.00 611.00 NOTE
r-devel-windows-x86_64-new-TK 0.6.0 OK
r-patched-linux-x86_64 0.6.0 235.35 135.13 370.48 OK
r-release-linux-x86_64 0.6.0 248.13 133.62 381.75 OK
r-release-macos-arm64 0.6.0 NOTE
r-release-macos-x86_64 0.6.0 NOTE
r-release-windows-ix86+x86_64 0.6.0 562.00 252.00 814.00 NOTE
r-oldrel-macos-x86_64 0.6.0 NOTE
r-oldrel-windows-ix86+x86_64 0.6.0 561.00 258.00 819.00 NOTE

Check Details

Version: 0.6.0
Check: installed package size
Result: NOTE
     installed size is 44.1Mb
     sub-directories of 1Mb or more:
     libs 42.4Mb
Flavors: r-devel-linux-x86_64-fedora-clang, r-devel-windows-x86_64-new-UL, r-release-macos-arm64, r-release-macos-x86_64, r-release-windows-ix86+x86_64, r-oldrel-macos-x86_64, r-oldrel-windows-ix86+x86_64