Last updated on 2022-07-05 05:52:48 CEST.
Flavor | Version | Tinstall | Tcheck | Ttotal | Status | Flags |
---|---|---|---|---|---|---|
r-devel-linux-x86_64-debian-clang | 0.6.0 | 354.32 | 142.36 | 496.68 | OK | |
r-devel-linux-x86_64-debian-gcc | 0.6.0 | 261.89 | 111.24 | 373.13 | OK | |
r-devel-linux-x86_64-fedora-clang | 0.6.0 | 692.62 | NOTE | |||
r-devel-linux-x86_64-fedora-gcc | 0.6.0 | 600.60 | OK | |||
r-devel-windows-x86_64 | 0.6.0 | 302.00 | 255.00 | 557.00 | NOTE | |
r-patched-linux-x86_64 | 0.6.0 | 263.92 | 139.22 | 403.14 | OK | |
r-release-linux-x86_64 | 0.6.0 | 248.75 | 139.52 | 388.27 | OK | |
r-release-macos-arm64 | 0.6.0 | 157.00 | NOTE | |||
r-release-macos-x86_64 | 0.6.0 | 189.00 | NOTE | |||
r-release-windows-x86_64 | 0.6.0 | 418.00 | 240.00 | 658.00 | NOTE | |
r-oldrel-macos-arm64 | 0.6.0 | 1023.00 | NOTE | |||
r-oldrel-macos-x86_64 | 0.6.0 | 187.00 | NOTE | |||
r-oldrel-windows-ix86+x86_64 | 0.6.0 | 578.00 | 300.00 | 878.00 | NOTE |
Version: 0.6.0
Check: installed package size
Result: NOTE
installed size is 31.5Mb
sub-directories of 1Mb or more:
libs 29.9Mb
Flavors: r-devel-linux-x86_64-fedora-clang, r-devel-windows-x86_64, r-release-macos-arm64, r-release-macos-x86_64, r-release-windows-x86_64, r-oldrel-macos-arm64, r-oldrel-macos-x86_64, r-oldrel-windows-ix86+x86_64