CRAN Package Check Results for Package clisymbols

Last updated on 2021-09-20 04:58:02 CEST.

Flavor Version Tinstall Tcheck Ttotal Status Flags
r-devel-linux-x86_64-debian-clang 1.2.0 1.78 20.57 22.35 OK
r-devel-linux-x86_64-debian-gcc 1.2.0 1.40 16.73 18.13 OK
r-devel-linux-x86_64-fedora-clang 1.2.0 36.43 OK
r-devel-linux-x86_64-fedora-gcc 1.2.0 26.21 OK
r-devel-windows-x86_64 1.2.0 3.00 28.00 31.00 OK
r-devel-windows-x86_64-gcc10-UCRT 1.2.0 ERROR
r-patched-linux-x86_64 1.2.0 1.74 20.08 21.82 OK
r-patched-solaris-x86 1.2.0 44.40 OK
r-release-linux-x86_64 1.2.0 1.56 20.17 21.73 OK
r-release-macos-arm64 1.2.0 OK
r-release-macos-x86_64 1.2.0 OK
r-release-windows-ix86+x86_64 1.2.0 4.00 28.00 32.00 OK
r-oldrel-macos-x86_64 1.2.0 OK
r-oldrel-windows-ix86+x86_64 1.2.0 4.00 32.00 36.00 OK

Check Details

Version: 1.2.0
Check: whether package can be installed
Result: WARN
    Found the following significant warnings:
     WARNING: installation-time patches will not be applied, could not get the patches index
Flavor: r-devel-windows-x86_64-gcc10-UCRT

Version: 1.2.0
Check: PDF version of manual
Result: WARN
    LaTeX errors when creating PDF version.
    This typically indicates Rd problems.
Flavor: r-devel-windows-x86_64-gcc10-UCRT

Version: 1.2.0
Check: PDF version of manual without hyperrefs or index
Result: ERROR
    Re-running with no redirection of stdout/stderr.
Flavor: r-devel-windows-x86_64-gcc10-UCRT