CRAN Package Check Results for Package clinUtils

Last updated on 2021-09-26 16:49:08 CEST.

Flavor Version Tinstall Tcheck Ttotal Status Flags
r-devel-linux-x86_64-debian-clang 0.1.0 8.06 100.02 108.08 OK
r-devel-linux-x86_64-debian-gcc 0.1.0 5.40 73.91 79.31 OK
r-devel-linux-x86_64-fedora-clang 0.1.0 133.81 NOTE
r-devel-linux-x86_64-fedora-gcc 0.1.0 128.30 OK
r-devel-windows-x86_64 0.1.0 13.00 189.00 202.00 NOTE
r-devel-windows-x86_64-gcc10-UCRT 0.1.0 OK
r-patched-linux-x86_64 0.1.0 13.98 92.10 106.08 OK
r-patched-solaris-x86 0.1.0 135.00 NOTE
r-release-linux-x86_64 0.1.0 7.82 90.94 98.76 OK
r-release-macos-arm64 0.0.4 NOTE
r-release-macos-x86_64 0.1.0 NOTE
r-release-windows-ix86+x86_64 0.1.0 13.00 151.00 164.00 NOTE
r-oldrel-macos-x86_64 0.1.0 NOTE
r-oldrel-windows-ix86+x86_64 0.0.4 12.00 101.00 113.00 NOTE

Check Details

Version: 0.1.0
Check: installed package size
Result: NOTE
     installed size is 6.4Mb
     sub-directories of 1Mb or more:
     doc 5.3Mb
Flavors: r-devel-linux-x86_64-fedora-clang, r-devel-windows-x86_64, r-patched-solaris-x86, r-release-macos-x86_64, r-release-windows-ix86+x86_64, r-oldrel-macos-x86_64

Version: 0.0.4
Check: installed package size
Result: NOTE
     installed size is 8.2Mb
     sub-directories of 1Mb or more:
     doc 7.1Mb
Flavors: r-release-macos-arm64, r-oldrel-windows-ix86+x86_64