CRAN Package Check Results for Package climatol

Last updated on 2021-09-28 04:54:52 CEST.

Flavor Version Tinstall Tcheck Ttotal Status Flags
r-devel-linux-x86_64-debian-clang 3.1.2 6.21 75.00 81.21 OK
r-devel-linux-x86_64-debian-gcc 3.1.2 5.91 55.99 61.90 OK
r-devel-linux-x86_64-fedora-clang 3.1.2 111.37 OK
r-devel-linux-x86_64-fedora-gcc 3.1.2 95.20 OK
r-devel-windows-x86_64 3.1.2 8.00 82.00 90.00 OK
r-devel-windows-x86_64-gcc10-UCRT 3.1.2 OK
r-patched-linux-x86_64 3.1.2 6.40 73.04 79.44 OK
r-patched-solaris-x86 3.1.2 128.60 OK
r-release-linux-x86_64 3.1.2 6.51 74.47 80.98 OK
r-release-macos-arm64 3.1.2 NOTE
r-release-macos-x86_64 3.1.2 OK
r-release-windows-ix86+x86_64 3.1.2 13.00 75.00 88.00 OK
r-oldrel-macos-x86_64 3.1.2 OK
r-oldrel-windows-ix86+x86_64 3.1.2 24.00 71.00 95.00 OK

Check Details

Version: 3.1.2
Check: package dependencies
Result: NOTE
    Package suggested but not available for checking: ‘RODBC’
Flavor: r-release-macos-arm64