CRAN Package Check Results for Package clifford

Last updated on 2021-06-16 21:51:38 CEST.

Flavor Version Tinstall Tcheck Ttotal Status Flags
r-devel-linux-x86_64-debian-clang 1.0-2 21.68 104.11 125.79 NOTE
r-devel-linux-x86_64-debian-gcc 1.0-2 15.46 77.17 92.63 NOTE
r-devel-linux-x86_64-fedora-clang 1.0-2 163.01 NOTE
r-devel-linux-x86_64-fedora-gcc 1.0-2 145.79 NOTE
r-devel-windows-x86_64 1.0-2 31.00 107.00 138.00 NOTE
r-devel-windows-x86_64-gcc10-UCRT 1.0-2 NOTE
r-patched-linux-x86_64 1.0-2 19.15 98.14 117.29 NOTE
r-patched-solaris-x86 1.0-2 182.70 NOTE
r-release-linux-x86_64 1.0-2 18.80 98.44 117.24 NOTE
r-release-macos-arm64 1.0-2 NOTE
r-release-macos-x86_64 1.0-2 NOTE
r-release-windows-ix86+x86_64 1.0-2 55.00 221.00 276.00 NOTE
r-oldrel-macos-x86_64 1.0-2 OK
r-oldrel-windows-ix86+x86_64 1.0-2 46.00 222.00 268.00 OK

Check Details

Version: 1.0-2
Check: LazyData
Result: NOTE
     'LazyData' is specified without a 'data' directory
Flavors: r-devel-linux-x86_64-debian-clang, r-devel-linux-x86_64-debian-gcc, r-devel-linux-x86_64-fedora-clang, r-devel-linux-x86_64-fedora-gcc, r-devel-windows-x86_64, r-devel-windows-x86_64-gcc10-UCRT, r-patched-linux-x86_64, r-patched-solaris-x86, r-release-linux-x86_64, r-release-macos-arm64, r-release-macos-x86_64, r-release-windows-ix86+x86_64