CRAN Package Check Results for Package cli

Last updated on 2022-07-05 17:50:27 CEST.

Flavor Version Tinstall Tcheck Ttotal Status Flags
r-devel-linux-x86_64-debian-clang 3.3.0 17.45 119.78 137.23 OK
r-devel-linux-x86_64-debian-gcc 3.3.0 15.48 95.23 110.71 OK
r-devel-linux-x86_64-fedora-clang 3.3.0 183.23 OK
r-devel-linux-x86_64-fedora-gcc 3.3.0 178.96 OK
r-devel-windows-x86_64 3.3.0 186.00 172.00 358.00 OK
r-patched-linux-x86_64 3.3.0 18.19 120.97 139.16 OK
r-release-linux-x86_64 3.3.0 14.66 122.03 136.69 OK
r-release-macos-arm64 3.3.0 57.00 OK
r-release-macos-x86_64 3.3.0 93.00 OK
r-release-windows-x86_64 3.3.0 89.00 8.00 97.00 ERROR
r-oldrel-macos-arm64 3.3.0 68.00 OK
r-oldrel-macos-x86_64 3.3.0 92.00 OK
r-oldrel-windows-ix86+x86_64 3.3.0 67.00 211.00 278.00 OK

Check Details

Version: 3.3.0
Check: whether package can be installed
Result: ERROR
    Installation failed.
Flavor: r-release-windows-x86_64