CRAN Package Check Results for Package classmap

Last updated on 2021-12-06 23:50:42 CET.

Flavor Version Tinstall Tcheck Ttotal Status Flags
r-devel-linux-x86_64-debian-clang 1.1.1 11.97 1059.02 1070.99 OK
r-devel-linux-x86_64-debian-gcc 1.1.1 8.46 847.72 856.18 OK
r-devel-linux-x86_64-fedora-clang 1.1.1 1298.88 NOTE
r-devel-linux-x86_64-fedora-gcc 1.1.1 1339.68 NOTE
r-devel-windows-x86_64-new-UL 1.1.1 28.00 0.00 28.00 FAIL
r-devel-windows-x86_64-new-TK 1.1.1 NOTE
r-devel-windows-x86_64-old 1.1.1 22.00 1463.00 1485.00 OK
r-patched-linux-x86_64 1.1.1 12.76 115.72 128.48 OK
r-release-linux-x86_64 1.1.1 11.49 124.16 135.65 OK
r-release-macos-arm64 1.1.1 NOTE
r-release-macos-x86_64 1.1.1 NOTE
r-release-windows-ix86+x86_64 1.1.1 28.00 152.00 180.00 OK
r-oldrel-macos-x86_64 1.1.1 NOTE
r-oldrel-windows-ix86+x86_64 1.1.1 27.00 157.00 184.00 OK

Check Details

Version: 1.1.1
Check: dependencies in R code
Result: NOTE
    Namespace in Imports field not imported from: ‘rpart’
     All declared Imports should be used.
Flavors: r-devel-linux-x86_64-fedora-clang, r-devel-linux-x86_64-fedora-gcc, r-devel-windows-x86_64-new-TK, r-release-macos-arm64, r-release-macos-x86_64, r-oldrel-macos-x86_64

Version: 1.1.1
Check: data for non-ASCII characters
Result: NOTE
     Note: found 9 marked UTF-8 strings
Flavors: r-devel-linux-x86_64-fedora-clang, r-devel-linux-x86_64-fedora-gcc, r-devel-windows-x86_64-new-TK, r-release-macos-arm64, r-release-macos-x86_64, r-oldrel-macos-x86_64

Version: 1.1.1
Check: re-building of vignette outputs
Result: FAIL
    Check process probably crashed or hung up for 20 minutes ... killed
    Most likely this happened in the example checks (?),
    if not, ignore the following last lines of example output:
     red 7 43
    
    The accuracy is 93%.
    > stackedplot(vcr.train, classCols = cols)
    > classmap(vcr.train, "blue", classCols = cols)
    > classmap(vcr.train, "red", classCols = cols)
    >
    > # For more examples, we refer to the vignettes:
    > vignette("Support_vector_machine_examples")
    >
    >
    >
    > ### * <FOOTER>
    > ###
    > cleanEx()
    
    detaching 'package:e1071'
    
    > options(digits = 7L)
    > base::cat("Time elapsed: ", proc.time() - base::get("ptime", pos = 'CheckExEnv'),"\n")
    Time elapsed: 1047.79 437.73 1711.41 NA NA
    > grDevices::dev.off()
    null device
     1
    > ###
    > ### Local variables: ***
    > ### mode: outline-minor ***
    > ### outline-regexp: "\\(> \\)?### [*]+" ***
    > ### End: ***
    > quit('no')
    ======== End of example output (where/before crash/hang up occured ?) ========
Flavor: r-devel-windows-x86_64-new-UL