CRAN Package Check Results for Package clValid

Last updated on 2021-09-20 04:58:02 CEST.

Flavor Version Tinstall Tcheck Ttotal Status Flags
r-devel-linux-x86_64-debian-clang 0.7 4.97 131.85 136.82 OK
r-devel-linux-x86_64-debian-gcc 0.7 4.34 95.21 99.55 OK
r-devel-linux-x86_64-fedora-clang 0.7 163.31 OK
r-devel-linux-x86_64-fedora-gcc 0.7 154.65 OK
r-devel-windows-x86_64 0.7 9.00 125.00 134.00 OK
r-devel-windows-x86_64-gcc10-UCRT 0.7 ERROR
r-patched-linux-x86_64 0.7 6.30 123.21 129.51 OK
r-patched-solaris-x86 0.7 215.80 OK
r-release-linux-x86_64 0.7 5.42 123.51 128.93 OK
r-release-macos-arm64 0.7 NOTE
r-release-macos-x86_64 0.7 NOTE
r-release-windows-ix86+x86_64 0.7 14.00 114.00 128.00 OK
r-oldrel-macos-x86_64 0.7 NOTE
r-oldrel-windows-ix86+x86_64 0.7 13.00 117.00 130.00 OK

Check Details

Version: 0.7
Check: package dependencies
Result: NOTE
    Package suggested but not available for checking: 'annotate'
Flavor: r-devel-windows-x86_64-gcc10-UCRT

Version: 0.7
Check: whether package can be installed
Result: WARN
    Found the following significant warnings:
     WARNING: installation-time patches will not be applied, could not get the patches index
Flavor: r-devel-windows-x86_64-gcc10-UCRT

Version: 0.7
Check: PDF version of manual
Result: WARN
    LaTeX errors when creating PDF version.
    This typically indicates Rd problems.
Flavor: r-devel-windows-x86_64-gcc10-UCRT

Version: 0.7
Check: PDF version of manual without hyperrefs or index
Result: ERROR
    Re-running with no redirection of stdout/stderr.
Flavor: r-devel-windows-x86_64-gcc10-UCRT

Version: 0.7
Check: package dependencies
Result: NOTE
    Packages suggested but not available for checking: 'GO.db', 'moe430a.db'
Flavors: r-release-macos-arm64, r-release-macos-x86_64

Version: 0.7
Check: package dependencies
Result: NOTE
    Package suggested but not available for checking: ‘moe430a.db’
Flavor: r-oldrel-macos-x86_64