CRAN Package Check Results for Package civis

Last updated on 2021-09-26 16:49:08 CEST.

Flavor Version Tinstall Tcheck Ttotal Status Flags
r-devel-linux-x86_64-debian-clang 3.0.0 24.78 187.19 211.97 NOTE
r-devel-linux-x86_64-debian-gcc 3.0.0 20.36 141.81 162.17 NOTE
r-devel-linux-x86_64-fedora-clang 3.0.0 284.57 NOTE
r-devel-linux-x86_64-fedora-gcc 3.0.0 354.68 NOTE
r-devel-windows-x86_64 3.0.0 30.00 166.00 196.00 NOTE
r-devel-windows-x86_64-gcc10-UCRT 3.0.0 NOTE
r-patched-linux-x86_64 3.0.0 38.02 181.50 219.52 NOTE
r-patched-solaris-x86 3.0.0 285.80 NOTE
r-release-linux-x86_64 3.0.0 23.21 179.55 202.76 NOTE
r-release-macos-arm64 3.0.0 NOTE
r-release-macos-x86_64 3.0.0 NOTE
r-release-windows-ix86+x86_64 3.0.0 43.00 158.00 201.00 NOTE
r-oldrel-macos-x86_64 3.0.0 OK
r-oldrel-windows-ix86+x86_64 3.0.0 27.00 164.00 191.00 OK

Check Details

Version: 3.0.0
Check: LazyData
Result: NOTE
     'LazyData' is specified without a 'data' directory
Flavors: r-devel-linux-x86_64-debian-clang, r-devel-linux-x86_64-debian-gcc, r-devel-linux-x86_64-fedora-clang, r-devel-linux-x86_64-fedora-gcc, r-devel-windows-x86_64, r-devel-windows-x86_64-gcc10-UCRT, r-patched-linux-x86_64, r-patched-solaris-x86, r-release-linux-x86_64, r-release-macos-arm64, r-release-macos-x86_64, r-release-windows-ix86+x86_64