CRAN Package Check Results for Package circularEV

Last updated on 2021-10-24 04:50:18 CEST.

Flavor Version Tinstall Tcheck Ttotal Status Flags
r-devel-linux-x86_64-debian-clang 0.1.0 9.89 171.49 181.38 OK
r-devel-linux-x86_64-debian-gcc 0.1.0 7.38 123.18 130.56 OK
r-devel-linux-x86_64-fedora-clang 0.1.0 223.25 NOTE
r-devel-linux-x86_64-fedora-gcc 0.1.0 208.95 OK
r-devel-windows-x86_64 0.1.0 17.00 312.00 329.00 NOTE
r-devel-windows-x86_64-gcc10-UCRT 0.1.0 OK
r-patched-linux-x86_64 0.1.0 10.19 158.32 168.51 OK
r-patched-solaris-x86 0.1.0 172.00 NOTE
r-release-linux-x86_64 0.1.0 8.76 159.12 167.88 OK
r-release-macos-arm64 0.1.0 NOTE
r-release-macos-x86_64 0.1.0 WARN
r-release-windows-ix86+x86_64 0.1.0 17.00 312.00 329.00 NOTE
r-oldrel-macos-x86_64 0.1.0 WARN
r-oldrel-windows-ix86+x86_64 0.1.0 26.00 309.00 335.00 NOTE

Check Details

Version: 0.1.0
Check: installed package size
Result: NOTE
     installed size is 7.5Mb
     sub-directories of 1Mb or more:
     doc 7.2Mb
Flavors: r-devel-linux-x86_64-fedora-clang, r-devel-windows-x86_64, r-patched-solaris-x86, r-release-macos-arm64, r-release-macos-x86_64, r-release-windows-ix86+x86_64, r-oldrel-macos-x86_64, r-oldrel-windows-ix86+x86_64

Version: 0.1.0
Check: re-building of vignette outputs
Result: WARN
    Error(s) in re-building vignettes:
    --- re-building ‘localMethods.Rmd’ using rmarkdown
    Warning in engine$weave(file, quiet = quiet, encoding = enc) :
     Pandoc (>= 1.12.3) not available. Falling back to R Markdown v1.
    Loading required package: plotly
    Loading required package: ggplot2
    
    Attaching package: 'plotly'
    
    The following object is masked from 'package:ggplot2':
    
     last_plot
    
    The following object is masked from 'package:stats':
    
     filter
    
    The following object is masked from 'package:graphics':
    
     layout
    
    PhantomJS not found. You can install it with webshot::install_phantomjs(). If it is installed, please make sure the phantomjs executable can be found via the PATH variable.
    PhantomJS not found. You can install it with webshot::install_phantomjs(). If it is installed, please make sure the phantomjs executable can be found via the PATH variable.
    Quitting from lines 43-46 (localMethods.Rmd)
    Error: processing vignette 'localMethods.Rmd' failed with diagnostics:
    invalid 'path' argument
    --- failed re-building ‘localMethods.Rmd’
    
    --- re-building ‘splineML.Rmd’ using rmarkdown
    Warning in engine$weave(file, quiet = quiet, encoding = enc) :
     Pandoc (>= 1.12.3) not available. Falling back to R Markdown v1.
    Loading required package: plotly
    Loading required package: ggplot2
    
    Attaching package: 'plotly'
    
    The following object is masked from 'package:ggplot2':
    
     last_plot
    
    The following object is masked from 'package:stats':
    
     filter
    
    The following object is masked from 'package:graphics':
    
     layout
    
    PhantomJS not found. You can install it with webshot::install_phantomjs(). If it is installed, please make sure the phantomjs executable can be found via the PATH variable.
    PhantomJS not found. You can install it with webshot::install_phantomjs(). If it is installed, please make sure the phantomjs executable can be found via the PATH variable.
    Quitting from lines 43-46 (splineML.Rmd)
    Error: processing vignette 'splineML.Rmd' failed with diagnostics:
    invalid 'path' argument
    --- failed re-building ‘splineML.Rmd’
    
    SUMMARY: processing the following files failed:
     ‘localMethods.Rmd’ ‘splineML.Rmd’
    
    Error: Vignette re-building failed.
    Execution halted
Flavor: r-release-macos-x86_64

Version: 0.1.0
Check: re-building of vignette outputs
Result: WARN
    Error(s) in re-building vignettes:
    --- re-building ‘localMethods.Rmd’ using rmarkdown
    Warning in engine$weave(file, quiet = quiet, encoding = enc) :
     Pandoc (>= 1.12.3) and/or pandoc-citeproc not available. Falling back to R Markdown v1.
    Loading required package: plotly
    Loading required package: ggplot2
    
    Attaching package: 'plotly'
    
    The following object is masked from 'package:ggplot2':
    
     last_plot
    
    The following object is masked from 'package:stats':
    
     filter
    
    The following object is masked from 'package:graphics':
    
     layout
    
    PhantomJS not found. You can install it with webshot::install_phantomjs(). If it is installed, please make sure the phantomjs executable can be found via the PATH variable.
    Warning in normalizePath(f2) :
     path[1]="webshot4af26a216ff2.png": No such file or directory
    Warning in file(con, "rb") :
     cannot open file 'webshot4af26a216ff2.png': No such file or directory
    Quitting from lines 43-46 (localMethods.Rmd)
    Error: processing vignette 'localMethods.Rmd' failed with diagnostics:
    cannot open the connection
    --- failed re-building ‘localMethods.Rmd’
    
    --- re-building ‘splineML.Rmd’ using rmarkdown
    Warning in engine$weave(file, quiet = quiet, encoding = enc) :
     Pandoc (>= 1.12.3) and/or pandoc-citeproc not available. Falling back to R Markdown v1.
    Loading required package: plotly
    Loading required package: ggplot2
    
    Attaching package: 'plotly'
    
    The following object is masked from 'package:ggplot2':
    
     last_plot
    
    The following object is masked from 'package:stats':
    
     filter
    
    The following object is masked from 'package:graphics':
    
     layout
    
    PhantomJS not found. You can install it with webshot::install_phantomjs(). If it is installed, please make sure the phantomjs executable can be found via the PATH variable.
    Warning in normalizePath(f2) :
     path[1]="webshot4b4d2ff3aba7.png": No such file or directory
    Warning in file(con, "rb") :
     cannot open file 'webshot4b4d2ff3aba7.png': No such file or directory
    Quitting from lines 43-46 (splineML.Rmd)
    Error: processing vignette 'splineML.Rmd' failed with diagnostics:
    cannot open the connection
    --- failed re-building ‘splineML.Rmd’
    
    SUMMARY: processing the following files failed:
     ‘localMethods.Rmd’ ‘splineML.Rmd’
    
    Error: Vignette re-building failed.
    Execution halted
Flavor: r-oldrel-macos-x86_64