CRAN Package Check Results for Package circle

Last updated on 2021-09-20 04:58:02 CEST.

Flavor Version Tinstall Tcheck Ttotal Status Flags
r-devel-linux-x86_64-debian-clang 0.7.1 3.27 33.44 36.71 OK
r-devel-linux-x86_64-debian-gcc 0.7.1 2.45 26.53 28.98 OK
r-devel-linux-x86_64-fedora-clang 0.7.1 53.24 OK
r-devel-linux-x86_64-fedora-gcc 0.7.1 43.31 OK
r-devel-windows-x86_64 0.7.1 4.00 44.00 48.00 OK
r-devel-windows-x86_64-gcc10-UCRT 0.7.1 ERROR
r-patched-linux-x86_64 0.7.1 3.55 33.04 36.59 OK
r-patched-solaris-x86 0.7.1 65.60 OK
r-release-linux-x86_64 0.7.1 3.08 32.90 35.98 OK
r-release-macos-arm64 0.7.1 OK
r-release-macos-x86_64 0.7.1 OK
r-release-windows-ix86+x86_64 0.7.1 6.00 39.00 45.00 OK
r-oldrel-macos-x86_64 0.7.1 OK
r-oldrel-windows-ix86+x86_64 0.7.1 7.00 69.00 76.00 OK

Check Details

Version: 0.7.1
Check: whether package can be installed
Result: WARN
    Found the following significant warnings:
     WARNING: installation-time patches will not be applied, could not get the patches index
Flavor: r-devel-windows-x86_64-gcc10-UCRT

Version: 0.7.1
Check: PDF version of manual
Result: WARN
    LaTeX errors when creating PDF version.
    This typically indicates Rd problems.
Flavor: r-devel-windows-x86_64-gcc10-UCRT

Version: 0.7.1
Check: PDF version of manual without hyperrefs or index
Result: ERROR
    Re-running with no redirection of stdout/stderr.
Flavor: r-devel-windows-x86_64-gcc10-UCRT