CRAN Package Check Results for Package cimir

Last updated on 2021-07-24 19:50:13 CEST.

Flavor Version Tinstall Tcheck Ttotal Status Flags
r-devel-linux-x86_64-debian-clang 0.4-1 4.35 49.24 53.59 NOTE
r-devel-linux-x86_64-debian-gcc 0.4-1 3.77 37.02 40.79 NOTE
r-devel-linux-x86_64-fedora-clang 0.4-1 72.53 NOTE
r-devel-linux-x86_64-fedora-gcc 0.4-1 61.08 NOTE
r-devel-windows-x86_64 0.4-1 6.00 54.00 60.00 NOTE
r-devel-windows-x86_64-gcc10-UCRT 0.4-1 NOTE
r-patched-linux-x86_64 0.4-1 2.98 46.10 49.08 NOTE
r-patched-solaris-x86 0.4-1 94.90 NOTE
r-release-linux-x86_64 0.4-1 4.31 46.10 50.41 NOTE
r-release-macos-arm64 0.4-1 NOTE
r-release-macos-x86_64 0.4-1 NOTE
r-release-windows-ix86+x86_64 0.4-1 12.00 52.00 64.00 NOTE
r-oldrel-macos-x86_64 0.4-1 OK
r-oldrel-windows-ix86+x86_64 0.4-1 13.00 61.00 74.00 OK

Check Details

Version: 0.4-1
Check: LazyData
Result: NOTE
     'LazyData' is specified without a 'data' directory
Flavors: r-devel-linux-x86_64-debian-clang, r-devel-linux-x86_64-debian-gcc, r-devel-linux-x86_64-fedora-clang, r-devel-linux-x86_64-fedora-gcc, r-devel-windows-x86_64, r-devel-windows-x86_64-gcc10-UCRT, r-patched-linux-x86_64, r-patched-solaris-x86, r-release-linux-x86_64, r-release-macos-arm64, r-release-macos-x86_64, r-release-windows-ix86+x86_64