CRAN Package Check Results for Package ciftiTools

Last updated on 2021-10-19 16:50:25 CEST.

Flavor Version Tinstall Tcheck Ttotal Status Flags
r-devel-linux-x86_64-debian-clang 0.6.1 19.05 90.12 109.17 OK
r-devel-linux-x86_64-debian-gcc 0.6.1 14.04 67.30 81.34 OK
r-devel-linux-x86_64-fedora-clang 0.6.1 141.82 NOTE
r-devel-linux-x86_64-fedora-gcc 0.6.1 129.64 OK
r-devel-windows-x86_64 0.6.1 28.00 111.00 139.00 NOTE
r-devel-windows-x86_64-gcc10-UCRT 0.6.1 OK
r-patched-linux-x86_64 0.6.1 18.09 87.61 105.70 OK
r-patched-solaris-x86 0.6.1 167.40 NOTE
r-release-linux-x86_64 0.6.1 15.07 87.81 102.88 OK
r-release-macos-arm64 0.6.1 NOTE
r-release-macos-x86_64 0.6.1 NOTE
r-release-windows-ix86+x86_64 0.6.1 24.00 107.00 131.00 NOTE
r-oldrel-macos-x86_64 0.6.1 NOTE
r-oldrel-windows-ix86+x86_64 0.6.1 32.00 111.00 143.00 NOTE

Check Details

Version: 0.6.1
Check: installed package size
Result: NOTE
     installed size is 6.4Mb
     sub-directories of 1Mb or more:
     R 1.6Mb
     extdata 4.3Mb
Flavors: r-devel-linux-x86_64-fedora-clang, r-devel-windows-x86_64, r-patched-solaris-x86, r-release-macos-arm64, r-release-macos-x86_64, r-release-windows-ix86+x86_64, r-oldrel-macos-x86_64, r-oldrel-windows-ix86+x86_64