CRAN Package Check Results for Package ciftiTools

Last updated on 2023-02-08 15:52:36 CET.

Flavor Version Tinstall Tcheck Ttotal Status Flags
r-devel-linux-x86_64-debian-clang 0.11.0 22.02 116.81 138.83 OK
r-devel-linux-x86_64-debian-gcc 0.11.0 15.68 86.76 102.44 OK
r-devel-linux-x86_64-fedora-clang 0.11.0 176.30 NOTE
r-devel-linux-x86_64-fedora-gcc 0.11.0 166.45 OK
r-devel-windows-x86_64 0.11.0 79.00 175.00 254.00 NOTE
r-patched-linux-x86_64 0.11.0 20.66 100.40 121.06 OK
r-release-linux-x86_64 0.11.0 21.67 103.19 124.86 OK
r-release-macos-arm64 0.11.0 47.00 NOTE
r-release-macos-x86_64 0.11.0 62.00 NOTE
r-release-windows-x86_64 0.11.0 160.00 133.00 293.00 NOTE
r-oldrel-macos-arm64 0.11.0 36.00 NOTE
r-oldrel-macos-x86_64 0.11.0 63.00 NOTE
r-oldrel-windows-ix86+x86_64 0.11.0 36.00 125.00 161.00 NOTE

Check Details

Version: 0.11.0
Check: installed package size
Result: NOTE
     installed size is 6.5Mb
     sub-directories of 1Mb or more:
     R 1.7Mb
     extdata 4.3Mb
Flavors: r-devel-linux-x86_64-fedora-clang, r-devel-windows-x86_64, r-release-macos-arm64, r-release-macos-x86_64, r-release-windows-x86_64, r-oldrel-macos-arm64, r-oldrel-macos-x86_64, r-oldrel-windows-ix86+x86_64