CRAN Package Check Results for Package chunkhooks

Last updated on 2022-08-15 09:49:26 CEST.

Flavor Version Tinstall Tcheck Ttotal Status Flags
r-devel-linux-x86_64-debian-clang 0.0.1 1.33 27.72 29.05 NOTE
r-devel-linux-x86_64-debian-gcc 0.0.1 1.76 21.96 23.72 NOTE
r-devel-linux-x86_64-fedora-clang 0.0.1 48.04 NOTE
r-devel-linux-x86_64-fedora-gcc 0.0.1 45.30 NOTE
r-devel-windows-x86_64 0.0.1 14.00 65.00 79.00 NOTE
r-patched-linux-x86_64 0.0.1 2.10 27.18 29.28 NOTE
r-release-linux-x86_64 0.0.1 2.07 27.75 29.82 NOTE
r-release-macos-arm64 0.0.1 20.00 NOTE
r-release-macos-x86_64 0.0.1 24.00 NOTE
r-release-windows-x86_64 0.0.1 18.00 60.00 78.00 NOTE
r-oldrel-macos-arm64 0.0.1 21.00 NOTE
r-oldrel-macos-x86_64 0.0.1 31.00 NOTE
r-oldrel-windows-ix86+x86_64 0.0.1 5.00 49.00 54.00 NOTE

Check Details

Version: 0.0.1
Check: LazyData
Result: NOTE
     'LazyData' is specified without a 'data' directory
Flavors: r-devel-linux-x86_64-debian-clang, r-devel-linux-x86_64-debian-gcc, r-devel-linux-x86_64-fedora-clang, r-devel-linux-x86_64-fedora-gcc, r-devel-windows-x86_64, r-patched-linux-x86_64, r-release-linux-x86_64, r-release-macos-arm64, r-release-macos-x86_64, r-release-windows-x86_64, r-oldrel-macos-arm64, r-oldrel-macos-x86_64, r-oldrel-windows-ix86+x86_64