CRAN Package Check Results for Package chorrrds

Last updated on 2021-08-01 19:51:20 CEST.

Flavor Version Tinstall Tcheck Ttotal Status Flags
r-devel-linux-x86_64-debian-clang 0.1.9.5 7.10 46.83 53.93 OK
r-devel-linux-x86_64-debian-gcc 0.1.9.5 6.08 37.80 43.88 OK
r-devel-linux-x86_64-fedora-clang 0.1.9.5 76.56 NOTE
r-devel-linux-x86_64-fedora-gcc 0.1.9.5 65.00 NOTE
r-devel-windows-x86_64 0.1.9.5 9.00 74.00 83.00 OK
r-devel-windows-x86_64-gcc10-UCRT 0.1.9.5 NOTE
r-patched-linux-x86_64 0.1.9.5 OK
r-patched-solaris-x86 0.1.9.5 108.50 NOTE
r-release-linux-x86_64 0.1.9.5 7.08 44.94 52.02 OK
r-release-macos-arm64 0.1.9.5 NOTE
r-release-macos-x86_64 0.1.9.5 NOTE
r-release-windows-ix86+x86_64 0.1.9.5 15.00 64.00 79.00 OK
r-oldrel-macos-x86_64 0.1.9.5 NOTE
r-oldrel-windows-ix86+x86_64 0.1.9.5 11.00 65.00 76.00 OK

Check Details

Version: 0.1.9.5
Check: dependencies in R code
Result: NOTE
    Namespace in Imports field not imported from: ‘forcats’
     All declared Imports should be used.
Flavors: r-devel-linux-x86_64-fedora-clang, r-devel-linux-x86_64-fedora-gcc, r-devel-windows-x86_64-gcc10-UCRT, r-patched-solaris-x86, r-release-macos-arm64, r-release-macos-x86_64, r-oldrel-macos-x86_64

Version: 0.1.9.5
Check: data for non-ASCII characters
Result: NOTE
     Note: found 4004 marked UTF-8 strings
Flavors: r-devel-linux-x86_64-fedora-clang, r-devel-linux-x86_64-fedora-gcc, r-devel-windows-x86_64-gcc10-UCRT, r-patched-solaris-x86, r-release-macos-arm64, r-release-macos-x86_64, r-oldrel-macos-x86_64