CRAN Package Check Results for Package cholera

Last updated on 2021-06-20 09:49:44 CEST.

Flavor Version Tinstall Tcheck Ttotal Status Flags
r-devel-linux-x86_64-debian-clang 0.7.5 15.28 206.49 221.77 OK
r-devel-linux-x86_64-debian-gcc 0.7.5 13.09 147.61 160.70 OK
r-devel-linux-x86_64-fedora-clang 0.7.5 261.93 OK
r-devel-linux-x86_64-fedora-gcc 0.7.5 257.92 OK
r-devel-windows-x86_64 0.7.5 28.00 233.00 261.00 OK
r-devel-windows-x86_64-gcc10-UCRT 0.7.5 OK
r-patched-linux-x86_64 0.7.5 16.51 192.67 209.18 OK
r-patched-solaris-x86 0.7.5 304.00 NOTE
r-release-linux-x86_64 0.7.5 16.11 192.57 208.68 OK
r-release-macos-arm64 0.7.5 OK
r-release-macos-x86_64 0.7.5 OK
r-release-windows-ix86+x86_64 0.7.5 32.00 229.00 261.00 OK
r-oldrel-macos-x86_64 0.7.5 OK
r-oldrel-windows-ix86+x86_64 0.7.5 22.00 237.00 259.00 OK

Check Details

Version: 0.7.5
Check: installed package size
Result: NOTE
     installed size is 5.3Mb
     sub-directories of 1Mb or more:
     data 1.0Mb
     doc 1.7Mb
     help 1.9Mb
Flavor: r-patched-solaris-x86