CRAN Package Check Results for Package chirps

Last updated on 2021-09-19 16:48:47 CEST.

Flavor Version Tinstall Tcheck Ttotal Status Flags
r-devel-linux-x86_64-debian-clang 0.1.2 5.80 64.45 70.25 OK
r-devel-linux-x86_64-debian-gcc 0.1.2 4.44 48.11 52.55 OK
r-devel-linux-x86_64-fedora-clang 0.1.2 92.60 OK
r-devel-linux-x86_64-fedora-gcc 0.1.2 80.60 OK
r-devel-windows-x86_64 0.1.2 8.00 86.00 94.00 OK
r-devel-windows-x86_64-gcc10-UCRT 0.1.2 ERROR
r-patched-linux-x86_64 0.1.2 6.10 59.24 65.34 OK
r-patched-solaris-x86 0.1.2 133.50 OK
r-release-linux-x86_64 0.1.2 4.72 59.88 64.60 OK
r-release-macos-arm64 0.1.2 OK
r-release-macos-x86_64 0.1.2 OK
r-release-windows-ix86+x86_64 0.1.2 17.00 62.00 79.00 OK
r-oldrel-macos-x86_64 0.1.2 OK
r-oldrel-windows-ix86+x86_64 0.1.2 16.00 89.00 105.00 OK

Check Details

Version: 0.1.2
Check: whether package can be installed
Result: WARN
    Found the following significant warnings:
     WARNING: installation-time patches will not be applied, could not get the patches index
Flavor: r-devel-windows-x86_64-gcc10-UCRT

Version: 0.1.2
Check: PDF version of manual
Result: WARN
    LaTeX errors when creating PDF version.
    This typically indicates Rd problems.
Flavor: r-devel-windows-x86_64-gcc10-UCRT

Version: 0.1.2
Check: PDF version of manual without hyperrefs or index
Result: ERROR
    Re-running with no redirection of stdout/stderr.
Flavor: r-devel-windows-x86_64-gcc10-UCRT