CRAN Package Check Results for Package chinese.misc

Last updated on 2022-08-14 21:53:07 CEST.

Flavor Version Tinstall Tcheck Ttotal Status Flags
r-devel-linux-x86_64-debian-clang 0.2.3 10.60 87.77 98.37 NOTE
r-devel-linux-x86_64-debian-gcc 0.2.3 9.22 66.96 76.18 NOTE
r-devel-linux-x86_64-fedora-clang 0.2.3 123.15 NOTE
r-devel-linux-x86_64-fedora-gcc 0.2.3 129.89 NOTE
r-devel-windows-x86_64 0.2.3 42.00 114.00 156.00 NOTE
r-patched-linux-x86_64 0.2.3 11.57 87.36 98.93 NOTE
r-release-linux-x86_64 0.2.3 9.14 85.87 95.01 NOTE
r-release-macos-arm64 0.2.3 32.00 NOTE
r-release-macos-x86_64 0.2.3 58.00 NOTE
r-release-windows-x86_64 0.2.3 54.00 116.00 170.00 NOTE
r-oldrel-macos-arm64 0.2.3 39.00 NOTE
r-oldrel-macos-x86_64 0.2.3 81.00 NOTE
r-oldrel-windows-ix86+x86_64 0.2.3 25.00 116.00 141.00 NOTE

Check Details

Version: 0.2.3
Check: LazyData
Result: NOTE
     'LazyData' is specified without a 'data' directory
Flavors: r-devel-linux-x86_64-debian-clang, r-devel-linux-x86_64-debian-gcc, r-devel-linux-x86_64-fedora-clang, r-devel-linux-x86_64-fedora-gcc, r-devel-windows-x86_64, r-patched-linux-x86_64, r-release-linux-x86_64, r-release-macos-arm64, r-release-macos-x86_64, r-release-windows-x86_64, r-oldrel-macos-arm64, r-oldrel-macos-x86_64, r-oldrel-windows-ix86+x86_64