CRAN Package Check Results for Package chillR

Last updated on 2023-02-08 15:52:36 CET.

Flavor Version Tinstall Tcheck Ttotal Status Flags
r-devel-linux-x86_64-debian-clang 0.72.8 46.32 290.87 337.19 OK
r-devel-linux-x86_64-debian-gcc 0.72.8 33.22 207.69 240.91 OK
r-devel-linux-x86_64-fedora-clang 0.72.8 428.86 NOTE
r-devel-linux-x86_64-fedora-gcc 0.72.8 395.86 OK
r-devel-windows-x86_64 0.72.8 62.00 392.00 454.00 OK
r-patched-linux-x86_64 0.72.8 43.61 263.19 306.80 OK
r-release-linux-x86_64 0.72.8 33.18 251.36 284.54 OK
r-release-macos-arm64 0.72.8 98.00 OK
r-release-macos-x86_64 0.72.8 140.00 OK
r-release-windows-x86_64 0.72.8 97.00 374.00 471.00 OK
r-oldrel-macos-arm64 0.72.8 91.00 OK
r-oldrel-macos-x86_64 0.72.8 140.00 OK
r-oldrel-windows-ix86+x86_64 0.72.8 84.00 468.00 552.00 OK

Check Details

Version: 0.72.8
Check: package dependencies
Result: NOTE
    Imports includes 25 non-default packages.
    Importing from so many packages makes the package vulnerable to any of
    them becoming unavailable. Move as many as possible to Suggests and
    use conditionally.
Flavor: r-devel-linux-x86_64-fedora-clang