CRAN Package Check Results for Package chemometrics

Last updated on 2021-09-26 16:49:08 CEST.

Flavor Version Tinstall Tcheck Ttotal Status Flags
r-devel-linux-x86_64-debian-clang 1.4.2 6.76 152.21 158.97 NOTE
r-devel-linux-x86_64-debian-gcc 1.4.2 6.26 112.46 118.72 NOTE
r-devel-linux-x86_64-fedora-clang 1.4.2 194.98 NOTE
r-devel-linux-x86_64-fedora-gcc 1.4.2 184.75 NOTE
r-devel-windows-x86_64 1.4.2 7.00 136.00 143.00 OK
r-devel-windows-x86_64-gcc10-UCRT 1.4.2 OK
r-patched-linux-x86_64 1.4.2 8.86 145.40 154.26 NOTE
r-patched-solaris-x86 1.4.2 257.20 NOTE
r-release-linux-x86_64 1.4.2 5.75 145.63 151.38 NOTE
r-release-macos-arm64 1.4.2 OK
r-release-macos-x86_64 1.4.2 OK
r-release-windows-ix86+x86_64 1.4.2 13.00 145.00 158.00 OK
r-oldrel-macos-x86_64 1.4.2 OK
r-oldrel-windows-ix86+x86_64 1.4.2 10.00 127.00 137.00 OK

Check Details

Version: 1.4.2
Check: for non-standard things in the check directory
Result: NOTE
    Found the following files/directories:
     'stepres00.txt'
Flavors: r-devel-linux-x86_64-debian-clang, r-devel-linux-x86_64-debian-gcc, r-devel-linux-x86_64-fedora-clang, r-devel-linux-x86_64-fedora-gcc, r-patched-linux-x86_64, r-patched-solaris-x86, r-release-linux-x86_64