CRAN Package Check Results for Package checkmate

Last updated on 2021-07-25 19:51:26 CEST.

Flavor Version Tinstall Tcheck Ttotal Status Flags
r-devel-linux-x86_64-debian-clang 2.0.0 10.38 88.04 98.42 NOTE
r-devel-linux-x86_64-debian-gcc 2.0.0 8.19 63.83 72.02 OK
r-devel-linux-x86_64-fedora-clang 2.0.0 119.97 OK
r-devel-linux-x86_64-fedora-gcc 2.0.0 114.37 OK
r-devel-windows-x86_64 2.0.0 20.00 120.00 140.00 OK
r-devel-windows-x86_64-gcc10-UCRT 2.0.0 OK
r-patched-linux-x86_64 2.0.0 12.59 80.70 93.29 OK
r-patched-solaris-x86 2.0.0 141.70 ERROR
r-release-linux-x86_64 2.0.0 9.49 80.84 90.33 OK
r-release-macos-arm64 2.0.0 WARN
r-release-macos-x86_64 2.0.0 OK
r-release-windows-ix86+x86_64 2.0.0 28.00 109.00 137.00 OK
r-oldrel-macos-x86_64 2.0.0 OK
r-oldrel-windows-ix86+x86_64 2.0.0 24.00 151.00 175.00 OK

Check Details

Version: 2.0.0
Check: package dependencies
Result: NOTE
    Package suggested but not available for checking: 'fastmatch'
Flavor: r-devel-linux-x86_64-debian-clang

Version: 2.0.0
Check: tests
Result: ERROR
     Running ‘test-all.R’ [28s/36s]
    Running the tests in ‘tests/test-all.R’ failed.
    Complete output:
     > library(testthat)
     > test_check("checkmate")
     Loading required package: checkmate
     ══ Skipped tests ═══════════════════════════════════════════════════════════════
     • On CRAN (1)
    
     ══ Failed tests ════════════════════════════════════════════════════════════════
     ── Failure (test_checkNames.R:34:3): checkNames ────────────────────────────────
     testNames("ä", type = "strict") is not FALSE
    
     `actual`: TRUE
     `expected`: FALSE
     ── Failure (test_checkNames.R:35:3): checkNames ────────────────────────────────
     testNames("ä", type = "ids") is not FALSE
    
     `actual`: TRUE
     `expected`: FALSE
    
     [ FAIL 2 | WARN 0 | SKIP 1 | PASS 2899 ]
     Error: Test failures
     Execution halted
Flavor: r-patched-solaris-x86

Version: 2.0.0
Check: re-building of vignette outputs
Result: WARN
    Error(s) in re-building vignettes:
     ...
    --- re-building ‘checkmate.Rmd’ using rmarkdown
    Warning in engine$weave(file, quiet = quiet, encoding = enc) :
     Pandoc (>= 1.12.3) not available. Falling back to R Markdown v1.
    Quitting from lines 160-171 (checkmate.Rmd)
    Error: processing vignette 'checkmate.Rmd' failed with diagnostics:
    polygon edge not found
    --- failed re-building ‘checkmate.Rmd’
    
    --- re-building ‘tinytest.Rmd’ using rmarkdown
    Warning in engine$weave(file, quiet = quiet, encoding = enc) :
     Pandoc (>= 1.12.3) not available. Falling back to R Markdown v1.
    --- finished re-building ‘tinytest.Rmd’
    
    SUMMARY: processing the following file failed:
     ‘checkmate.Rmd’
    
    Error: Vignette re-building failed.
    Execution halted
Flavor: r-release-macos-arm64