CRAN Package Check Results for Package cheatR

Last updated on 2021-11-30 11:51:52 CET.

Flavor Version Tinstall Tcheck Ttotal Status Flags
r-devel-linux-x86_64-debian-clang 1.2.1 3.56 40.89 44.45 NOTE
r-devel-linux-x86_64-debian-gcc 1.2.1 3.01 31.86 34.87 NOTE
r-devel-linux-x86_64-fedora-clang 1.2.1 64.59 NOTE
r-devel-linux-x86_64-fedora-gcc 1.2.1 52.55 NOTE
r-devel-windows-x86_64-new-UL 1.2.1 10.00 84.00 94.00 NOTE
r-devel-windows-x86_64-new-TK 1.2.1 NOTE
r-devel-windows-x86_64-old 1.2.1 8.00 52.00 60.00 NOTE
r-patched-linux-x86_64 1.2.1 6.80 38.80 45.60 NOTE
r-patched-solaris-x86 1.2.1 75.40 NOTE
r-release-linux-x86_64 1.2.1 3.18 38.66 41.84 NOTE
r-release-macos-arm64 1.2.1 NOTE
r-release-macos-x86_64 1.2.1 NOTE
r-release-windows-ix86+x86_64 1.2.1 8.00 57.00 65.00 NOTE
r-oldrel-macos-x86_64 1.2.1 OK
r-oldrel-windows-ix86+x86_64 1.2.1 7.00 48.00 55.00 OK

Check Details

Version: 1.2.1
Check: LazyData
Result: NOTE
     'LazyData' is specified without a 'data' directory
Flavors: r-devel-linux-x86_64-debian-clang, r-devel-linux-x86_64-debian-gcc, r-devel-linux-x86_64-fedora-clang, r-devel-linux-x86_64-fedora-gcc, r-devel-windows-x86_64-new-UL, r-devel-windows-x86_64-new-TK, r-devel-windows-x86_64-old, r-patched-linux-x86_64, r-patched-solaris-x86, r-release-linux-x86_64, r-release-macos-arm64, r-release-macos-x86_64, r-release-windows-ix86+x86_64