CRAN Package Check Results for Package chartql

Last updated on 2021-07-26 19:49:11 CEST.

Flavor Version Tinstall Tcheck Ttotal Status Flags
r-devel-linux-x86_64-debian-clang 0.1.0 3.97 49.23 53.20 NOTE
r-devel-linux-x86_64-debian-gcc 0.1.0 3.64 36.89 40.53 NOTE
r-devel-linux-x86_64-fedora-clang 0.1.0 73.66 NOTE
r-devel-linux-x86_64-fedora-gcc 0.1.0 60.68 NOTE
r-devel-windows-x86_64 0.1.0 9.00 68.00 77.00 NOTE
r-devel-windows-x86_64-gcc10-UCRT 0.1.0 NOTE
r-patched-linux-x86_64 0.1.0 4.33 45.22 49.55 NOTE
r-patched-solaris-x86 0.1.0 90.50 NOTE
r-release-linux-x86_64 0.1.0 3.58 45.96 49.54 NOTE
r-release-macos-arm64 0.1.0 NOTE
r-release-macos-x86_64 0.1.0 NOTE
r-release-windows-ix86+x86_64 0.1.0 12.00 48.00 60.00 NOTE
r-oldrel-macos-x86_64 0.1.0 OK
r-oldrel-windows-ix86+x86_64 0.1.0 11.00 68.00 79.00 OK

Check Details

Version: 0.1.0
Check: LazyData
Result: NOTE
     'LazyData' is specified without a 'data' directory
Flavors: r-devel-linux-x86_64-debian-clang, r-devel-linux-x86_64-debian-gcc, r-devel-linux-x86_64-fedora-clang, r-devel-linux-x86_64-fedora-gcc, r-devel-windows-x86_64, r-devel-windows-x86_64-gcc10-UCRT, r-patched-linux-x86_64, r-patched-solaris-x86, r-release-linux-x86_64, r-release-macos-arm64, r-release-macos-x86_64, r-release-windows-ix86+x86_64