CRAN Package Check Results for Package cepR

Last updated on 2021-11-29 23:50:33 CET.

Flavor Version Tinstall Tcheck Ttotal Status Flags
r-devel-linux-x86_64-debian-clang 0.1.2 3.72 39.53 43.25 NOTE
r-devel-linux-x86_64-debian-gcc 0.1.2 2.94 29.95 32.89 NOTE
r-devel-linux-x86_64-fedora-clang 0.1.2 62.33 NOTE
r-devel-linux-x86_64-fedora-gcc 0.1.2 51.15 NOTE
r-devel-windows-x86_64-new-UL 0.1.2 10.00 72.00 82.00 NOTE
r-devel-windows-x86_64-new-TK 0.1.2 NOTE
r-devel-windows-x86_64-old 0.1.2 8.00 44.00 52.00 NOTE
r-patched-linux-x86_64 0.1.2 4.21 36.48 40.69 NOTE
r-patched-solaris-x86 0.1.2 72.50 NOTE
r-release-linux-x86_64 0.1.2 4.08 36.78 40.86 NOTE
r-release-macos-arm64 0.1.2 NOTE
r-release-macos-x86_64 0.1.2 NOTE
r-release-windows-ix86+x86_64 0.1.2 10.00 44.00 54.00 NOTE
r-oldrel-macos-x86_64 0.1.2 OK
r-oldrel-windows-ix86+x86_64 0.1.2 7.00 53.00 60.00 OK

Check Details

Version: 0.1.2
Check: LazyData
Result: NOTE
     'LazyData' is specified without a 'data' directory
Flavors: r-devel-linux-x86_64-debian-clang, r-devel-linux-x86_64-debian-gcc, r-devel-linux-x86_64-fedora-clang, r-devel-linux-x86_64-fedora-gcc, r-devel-windows-x86_64-new-UL, r-devel-windows-x86_64-new-TK, r-devel-windows-x86_64-old, r-patched-linux-x86_64, r-patched-solaris-x86, r-release-linux-x86_64, r-release-macos-arm64, r-release-macos-x86_64, r-release-windows-ix86+x86_64