CRAN Package Check Results for Package censusr

Last updated on 2021-07-26 19:49:11 CEST.

Flavor Version Tinstall Tcheck Ttotal Status Flags
r-devel-linux-x86_64-debian-clang 0.0.4 4.31 44.33 48.64 NOTE
r-devel-linux-x86_64-debian-gcc 0.0.4 3.43 33.44 36.87 NOTE
r-devel-linux-x86_64-fedora-clang 0.0.4 66.76 NOTE
r-devel-linux-x86_64-fedora-gcc 0.0.4 55.91 NOTE
r-devel-windows-x86_64 0.0.4 7.00 61.00 68.00 NOTE
r-devel-windows-x86_64-gcc10-UCRT 0.0.4 NOTE
r-patched-linux-x86_64 0.0.4 4.43 41.47 45.90 NOTE
r-patched-solaris-x86 0.0.4 82.50 NOTE
r-release-linux-x86_64 0.0.4 4.39 41.18 45.57 NOTE
r-release-macos-arm64 0.0.4 NOTE
r-release-macos-x86_64 0.0.4 NOTE
r-release-windows-ix86+x86_64 0.0.4 11.00 47.00 58.00 NOTE
r-oldrel-macos-x86_64 0.0.4 OK
r-oldrel-windows-ix86+x86_64 0.0.4 8.00 61.00 69.00 OK

Check Details

Version: 0.0.4
Check: LazyData
Result: NOTE
     'LazyData' is specified without a 'data' directory
Flavors: r-devel-linux-x86_64-debian-clang, r-devel-linux-x86_64-debian-gcc, r-devel-linux-x86_64-fedora-clang, r-devel-linux-x86_64-fedora-gcc, r-devel-windows-x86_64, r-devel-windows-x86_64-gcc10-UCRT, r-patched-linux-x86_64, r-patched-solaris-x86, r-release-linux-x86_64, r-release-macos-arm64, r-release-macos-x86_64, r-release-windows-ix86+x86_64