CRAN Package Check Results for Package cellranger

Last updated on 2023-02-01 04:51:49 CET.

Flavor Version Tinstall Tcheck Ttotal Status Flags
r-devel-linux-x86_64-debian-clang 1.1.0 3.01 33.23 36.24 NOTE
r-devel-linux-x86_64-debian-gcc 1.1.0 2.32 25.75 28.07 NOTE
r-devel-linux-x86_64-fedora-clang 1.1.0 47.86 NOTE
r-devel-linux-x86_64-fedora-gcc 1.1.0 56.20 NOTE
r-devel-windows-x86_64 1.1.0 29.00 66.00 95.00 NOTE
r-patched-linux-x86_64 1.1.0 2.28 32.53 34.81 NOTE
r-release-linux-x86_64 1.1.0 3.02 32.75 35.77 NOTE
r-release-macos-arm64 1.1.0 19.00 NOTE
r-release-macos-x86_64 1.1.0 27.00 NOTE
r-release-windows-x86_64 1.1.0 30.00 69.00 99.00 NOTE
r-oldrel-macos-arm64 1.1.0 25.00 NOTE
r-oldrel-macos-x86_64 1.1.0 33.00 NOTE
r-oldrel-windows-ix86+x86_64 1.1.0 6.00 60.00 66.00 NOTE

Check Details

Version: 1.1.0
Check: LazyData
Result: NOTE
     'LazyData' is specified without a 'data' directory
Flavors: r-devel-linux-x86_64-debian-clang, r-devel-linux-x86_64-debian-gcc, r-devel-linux-x86_64-fedora-clang, r-devel-linux-x86_64-fedora-gcc, r-devel-windows-x86_64, r-patched-linux-x86_64, r-release-linux-x86_64, r-release-macos-arm64, r-release-macos-x86_64, r-release-windows-x86_64, r-oldrel-macos-arm64, r-oldrel-macos-x86_64, r-oldrel-windows-ix86+x86_64