CRAN Package Check Results for Package ccboost

Last updated on 2021-09-21 16:51:11 CEST.

Flavor Version Tinstall Tcheck Ttotal Status Flags
r-devel-linux-x86_64-debian-clang 0.1-1.3 8.88 74.30 83.18 OK
r-devel-linux-x86_64-debian-gcc 0.1-1.3 6.85 56.85 63.70 OK
r-devel-linux-x86_64-fedora-clang 0.1-1.3 106.66 OK
r-devel-linux-x86_64-fedora-gcc 0.1-1.3 96.25 OK
r-devel-windows-x86_64 0.1-1.3 10.00 69.00 79.00 OK
r-devel-windows-x86_64-gcc10-UCRT 0.1-1.3 ERROR
r-patched-linux-x86_64 0.1-1.3 8.08 71.22 79.30 OK
r-patched-solaris-x86 0.1-1.3 148.60 OK
r-release-linux-x86_64 0.1-1.3 7.09 71.83 78.92 OK
r-release-macos-arm64 0.1-1.3 OK
r-release-macos-x86_64 0.1-1.3 OK
r-release-windows-ix86+x86_64 0.1-1.3 19.00 70.00 89.00 OK
r-oldrel-macos-x86_64 0.1-1.3 OK
r-oldrel-windows-ix86+x86_64 0.1-1.3 19.00 73.00 92.00 OK

Check Details

Version: 0.1-1.3
Check: whether package can be installed
Result: WARN
    Found the following significant warnings:
     WARNING: installation-time patches will not be applied, could not get the patches index
Flavor: r-devel-windows-x86_64-gcc10-UCRT

Version: 0.1-1.3
Check: PDF version of manual
Result: WARN
    LaTeX errors when creating PDF version.
    This typically indicates Rd problems.
Flavor: r-devel-windows-x86_64-gcc10-UCRT

Version: 0.1-1.3
Check: PDF version of manual without hyperrefs or index
Result: ERROR
    Re-running with no redirection of stdout/stderr.
Flavor: r-devel-windows-x86_64-gcc10-UCRT