CRAN Package Check Results for Package ccaPP

Last updated on 2022-01-19 00:46:15 CET.

Flavor Version Tinstall Tcheck Ttotal Status Flags
r-devel-linux-x86_64-debian-clang 0.3.3 79.43 75.48 154.91 OK
r-devel-linux-x86_64-debian-gcc 0.3.3 51.27 63.23 114.50 OK
r-devel-linux-x86_64-fedora-clang 0.3.3 230.59 OK
r-devel-linux-x86_64-fedora-gcc 0.3.3 189.77 OK
r-devel-windows-x86_64-new-UL 0.3.3 73.00 137.00 210.00 OK
r-devel-windows-x86_64-new-TK 0.3.3 OK
r-patched-linux-x86_64 0.3.3 58.45 76.16 134.61 OK
r-release-linux-x86_64 0.3.3 OK
r-release-macos-arm64 0.3.3 NOTE
r-release-macos-x86_64 0.3.3 OK
r-release-windows-ix86+x86_64 0.3.3 178.00 131.00 309.00 OK
r-oldrel-macos-x86_64 0.3.3 NOTE
r-oldrel-windows-ix86+x86_64 0.3.3 179.00 130.00 309.00 OK

Check Details

Version: 0.3.3
Check: installed package size
Result: NOTE
     installed size is 6.0Mb
     sub-directories of 1Mb or more:
     libs 5.6Mb
Flavors: r-release-macos-arm64, r-oldrel-macos-x86_64