Last updated on 2022-05-22 02:48:58 CEST.
Flavor | Version | Tinstall | Tcheck | Ttotal | Status | Flags |
---|---|---|---|---|---|---|
r-devel-linux-x86_64-debian-clang | 0.0.1 | 14.11 | 137.39 | 151.50 | OK | |
r-devel-linux-x86_64-debian-gcc | 0.0.1 | 9.84 | 100.54 | 110.38 | OK | |
r-devel-linux-x86_64-fedora-clang | 0.0.1 | 187.36 | NOTE | |||
r-devel-linux-x86_64-fedora-gcc | 0.0.1 | 189.39 | NOTE | |||
r-devel-windows-x86_64 | 0.0.1 | 26.00 | 140.00 | 166.00 | OK | |
r-patched-linux-x86_64 | 0.0.1 | 12.11 | 130.47 | 142.58 | OK | |
r-release-linux-x86_64 | 0.0.1 | 13.28 | 128.74 | 142.02 | OK | |
r-release-macos-arm64 | 0.0.1 | 43.00 | NOTE | |||
r-release-macos-x86_64 | 0.0.1 | 94.00 | NOTE | |||
r-release-windows-x86_64 | 0.0.1 | 32.00 | 132.00 | 164.00 | OK | |
r-oldrel-macos-arm64 | 0.0.1 | 41.00 | NOTE | |||
r-oldrel-macos-x86_64 | 0.0.1 | 58.00 | NOTE | |||
r-oldrel-windows-ix86+x86_64 | 0.0.1 | 32.00 | 141.00 | 173.00 | OK |
Version: 0.0.1
Check: dependencies in R code
Result: NOTE
Namespaces in Imports field not imported from:
‘CBPS’ ‘spelling’
All declared Imports should be used.
Flavors: r-devel-linux-x86_64-fedora-clang, r-devel-linux-x86_64-fedora-gcc, r-release-macos-arm64, r-release-macos-x86_64, r-oldrel-macos-arm64, r-oldrel-macos-x86_64