CRAN Package Check Results for Package cati

Last updated on 2021-05-10 05:47:36 CEST.

Flavor Version Tinstall Tcheck Ttotal Status Flags
r-devel-linux-x86_64-debian-clang 0.99.3 36.58 313.92 350.50 NOTE
r-devel-linux-x86_64-debian-gcc 0.99.3 31.58 235.42 267.00 NOTE
r-devel-linux-x86_64-fedora-clang 0.99.3 438.75 NOTE
r-devel-linux-x86_64-fedora-gcc 0.99.3 445.48 NOTE
r-devel-windows-ix86+x86_64 0.99.3 84.00 333.00 417.00 OK
r-devel-windows-x86_64-gcc10-UCRT 0.99.3 NOTE
r-patched-linux-x86_64 0.99.3 33.99 303.35 337.34 NOTE
r-patched-solaris-x86 0.99.3 555.30 NOTE
r-release-linux-x86_64 0.99.3 38.22 295.08 333.30 NOTE
r-release-macos-x86_64 0.99.3 NOTE
r-release-windows-ix86+x86_64 0.99.3 60.00 249.00 309.00 OK
r-oldrel-macos-x86_64 0.99.3 WARN
r-oldrel-windows-ix86+x86_64 0.99.3 71.00 11.00 82.00 ERROR

Check Details

Version: 0.99.3
Check: package dependencies
Result: NOTE
    Package suggested but not available for checking: 'spacodiR'
Flavors: r-devel-linux-x86_64-debian-clang, r-devel-linux-x86_64-debian-gcc, r-devel-linux-x86_64-fedora-clang, r-devel-linux-x86_64-fedora-gcc, r-devel-windows-x86_64-gcc10-UCRT, r-patched-linux-x86_64, r-patched-solaris-x86, r-release-linux-x86_64, r-release-macos-x86_64

Version: 0.99.3
Check: whether package can be installed
Result: WARN
    Found the following significant warnings:
     Warning: 'rgl.init' failed, running with 'rgl.useNULL = TRUE'.
Flavor: r-oldrel-macos-x86_64

Version: 0.99.3
Check: whether package can be installed
Result: ERROR
    Installation failed.
Flavor: r-oldrel-windows-ix86+x86_64