Last updated on 2022-07-04 05:50:01 CEST.
Flavor | Version | Tinstall | Tcheck | Ttotal | Status | Flags |
---|---|---|---|---|---|---|
r-devel-linux-x86_64-debian-clang | 1.7.2 | 141.67 | 191.97 | 333.64 | OK | |
r-devel-linux-x86_64-debian-gcc | 1.7.2 | 151.82 | 142.07 | 293.89 | OK | |
r-devel-linux-x86_64-fedora-clang | 1.7.2 | 456.12 | NOTE | |||
r-devel-linux-x86_64-fedora-gcc | 1.7.2 | 493.50 | OK | |||
r-devel-windows-x86_64 | 1.7.2 | 174.00 | 231.00 | 405.00 | OK | |
r-patched-linux-x86_64 | 1.7.2 | 167.08 | 180.68 | 347.76 | OK | |
r-release-linux-x86_64 | 1.7.2 | 150.69 | 179.61 | 330.30 | OK | |
r-release-macos-arm64 | 1.7.2 | 104.00 | NOTE | |||
r-release-macos-x86_64 | 1.7.2 | 132.00 | NOTE | |||
r-release-windows-x86_64 | 1.7.2 | 171.00 | 242.00 | 413.00 | OK | |
r-oldrel-macos-arm64 | 1.7.2 | 113.00 | NOTE | |||
r-oldrel-macos-x86_64 | 1.7.2 | 150.00 | NOTE | |||
r-oldrel-windows-ix86+x86_64 | 1.7.2 | 296.00 | 274.00 | 570.00 | NOTE |
Version: 1.7.2
Check: installed package size
Result: NOTE
installed size is 14.1Mb
sub-directories of 1Mb or more:
libs 12.2Mb
Flavors: r-devel-linux-x86_64-fedora-clang, r-release-macos-arm64, r-release-macos-x86_64, r-oldrel-macos-arm64, r-oldrel-macos-x86_64, r-oldrel-windows-ix86+x86_64