CRAN Package Check Results for Package cassandRa

Last updated on 2021-11-28 11:48:40 CET.

Flavor Version Tinstall Tcheck Ttotal Status Flags
r-devel-linux-x86_64-debian-clang 0.1.0 NOTE
r-devel-linux-x86_64-debian-gcc 0.1.0 5.34 78.04 83.38 NOTE
r-devel-linux-x86_64-fedora-clang 0.1.0 146.06 NOTE
r-devel-linux-x86_64-fedora-gcc 0.1.0 132.37 NOTE
r-devel-windows-x86_64-new-UL 0.1.0 15.00 146.00 161.00 NOTE
r-devel-windows-x86_64-new-TK 0.1.0 NOTE
r-devel-windows-x86_64-old 0.1.0 10.00 129.00 139.00 NOTE
r-patched-linux-x86_64 0.1.0 6.18 99.99 106.17 NOTE
r-patched-solaris-x86 0.1.0 121.00 NOTE
r-release-linux-x86_64 0.1.0 5.58 101.03 106.61 NOTE
r-release-macos-arm64 0.1.0 NOTE
r-release-macos-x86_64 0.1.0 NOTE
r-release-windows-ix86+x86_64 0.1.0 16.00 130.00 146.00 NOTE
r-oldrel-macos-x86_64 0.1.0 OK
r-oldrel-windows-ix86+x86_64 0.1.0 18.00 136.00 154.00 OK

Check Details

Version: 0.1.0
Check: LazyData
Result: NOTE
     'LazyData' is specified without a 'data' directory
Flavors: r-devel-linux-x86_64-debian-clang, r-devel-linux-x86_64-debian-gcc, r-devel-linux-x86_64-fedora-clang, r-devel-linux-x86_64-fedora-gcc, r-devel-windows-x86_64-new-UL, r-devel-windows-x86_64-new-TK, r-devel-windows-x86_64-old, r-patched-linux-x86_64, r-patched-solaris-x86, r-release-linux-x86_64, r-release-macos-arm64, r-release-macos-x86_64, r-release-windows-ix86+x86_64