CRAN Package Check Results for Package canvasXpress

Last updated on 2022-07-06 17:49:00 CEST.

Flavor Version Tinstall Tcheck Ttotal Status Flags
r-devel-linux-x86_64-debian-clang 1.37.4 3.18 50.68 53.86 OK
r-devel-linux-x86_64-debian-gcc 1.37.4 2.62 38.16 40.78 OK
r-devel-linux-x86_64-fedora-clang 1.37.4 63.00 OK
r-devel-linux-x86_64-fedora-gcc 1.37.4 60.48 OK
r-devel-windows-x86_64 1.37.4 41.00 145.00 186.00 OK
r-patched-linux-x86_64 1.37.4 3.66 48.94 52.60 OK
r-release-linux-x86_64 1.37.4 3.20 49.69 52.89 OK
r-release-macos-arm64 1.37.4 173.00 NOTE
r-release-macos-x86_64 1.37.4 174.00 OK
r-release-windows-x86_64 1.37.4 57.00 147.00 204.00 OK
r-oldrel-macos-arm64 1.37.4 151.00 OK
r-oldrel-macos-x86_64 1.37.4 191.00 OK
r-oldrel-windows-ix86+x86_64 1.37.4 7.00 143.00 150.00 OK

Check Details

Version: 1.37.4
Check: package dependencies
Result: NOTE
    Package suggested but not available for checking: ‘limma’
Flavor: r-release-macos-arm64