CRAN Package Check Results for Package cancerGI

Last updated on 2021-11-30 11:51:52 CET.

Flavor Version Tinstall Tcheck Ttotal Status Flags
r-devel-linux-x86_64-debian-clang 1.0.0 11.97 102.81 114.78 NOTE
r-devel-linux-x86_64-debian-gcc 1.0.0 8.30 76.49 84.79 NOTE
r-devel-linux-x86_64-fedora-clang 1.0.0 146.51 NOTE
r-devel-linux-x86_64-fedora-gcc 1.0.0 130.80 NOTE
r-devel-windows-x86_64-new-UL 1.0.0 21.00 139.00 160.00 OK
r-devel-windows-x86_64-new-TK 1.0.0 OK
r-devel-windows-x86_64-old 1.0.0 18.00 93.00 111.00 OK
r-patched-linux-x86_64 1.0.0 11.70 96.01 107.71 NOTE
r-patched-solaris-x86 1.0.0 228.70 NOTE
r-release-linux-x86_64 1.0.0 9.53 96.31 105.84 NOTE
r-release-macos-arm64 1.0.0 OK
r-release-macos-x86_64 1.0.0 OK
r-release-windows-ix86+x86_64 1.0.0 27.00 119.00 146.00 OK
r-oldrel-macos-x86_64 1.0.0 OK
r-oldrel-windows-ix86+x86_64 1.0.0 20.00 125.00 145.00 OK

Check Details

Version: 1.0.0
Check: for non-standard things in the check directory
Result: NOTE
    Found the following files/directories:
     'tmp.txt'
Flavors: r-devel-linux-x86_64-debian-clang, r-devel-linux-x86_64-debian-gcc, r-devel-linux-x86_64-fedora-clang, r-devel-linux-x86_64-fedora-gcc, r-patched-linux-x86_64, r-patched-solaris-x86, r-release-linux-x86_64