CRAN Package Check Results for Package caffsim

Last updated on 2022-08-19 09:52:09 CEST.

Flavor Version Tinstall Tcheck Ttotal Status Flags
r-devel-linux-x86_64-debian-clang 0.2.2 12.01 114.50 126.51 OK
r-devel-linux-x86_64-debian-gcc 0.2.2 9.25 85.12 94.37 OK
r-devel-linux-x86_64-fedora-clang 0.2.2 158.54 NOTE
r-devel-linux-x86_64-fedora-gcc 0.2.2 161.15 NOTE
r-devel-windows-x86_64 0.2.2 20.00 135.00 155.00 OK
r-patched-linux-x86_64 0.2.2 10.44 105.71 116.15 OK
r-release-linux-x86_64 0.2.2 OK
r-release-macos-arm64 0.2.2 45.00 NOTE
r-release-macos-x86_64 0.2.2 89.00 NOTE
r-release-windows-x86_64 0.2.2 27.00 131.00 158.00 OK
r-oldrel-macos-arm64 0.2.2 48.00 NOTE
r-oldrel-macos-x86_64 0.2.2 66.00 NOTE
r-oldrel-windows-ix86+x86_64 0.2.2 27.00 131.00 158.00 OK

Check Details

Version: 0.2.2
Check: dependencies in R code
Result: NOTE
    Namespace in Imports field not imported from: ‘markdown’
     All declared Imports should be used.
Flavors: r-devel-linux-x86_64-fedora-clang, r-devel-linux-x86_64-fedora-gcc, r-release-macos-arm64, r-release-macos-x86_64, r-oldrel-macos-arm64, r-oldrel-macos-x86_64