CRAN Package Check Results for Package busdater

Last updated on 2022-01-22 00:48:19 CET.

Flavor Version Tinstall Tcheck Ttotal Status Flags
r-devel-linux-x86_64-debian-clang 0.2.0 3.17 42.55 45.72 NOTE
r-devel-linux-x86_64-debian-gcc 0.2.0 2.42 32.97 35.39 NOTE
r-devel-linux-x86_64-fedora-clang 0.2.0 57.60 NOTE
r-devel-linux-x86_64-fedora-gcc 0.2.0 45.77 NOTE
r-devel-windows-x86_64-new-UL 0.2.0 33.00 68.00 101.00 NOTE
r-devel-windows-x86_64-new-TK 0.2.0 NOTE
r-patched-linux-x86_64 0.2.0 2.74 42.63 45.37 NOTE
r-release-linux-x86_64 0.2.0 2.57 41.62 44.19 NOTE
r-release-macos-arm64 0.2.0 NOTE
r-release-macos-x86_64 0.2.0 NOTE
r-release-windows-ix86+x86_64 0.2.0 8.00 52.00 60.00 NOTE
r-oldrel-macos-x86_64 0.2.0 OK
r-oldrel-windows-ix86+x86_64 0.2.0 7.00 53.00 60.00 OK

Check Details

Version: 0.2.0
Check: LazyData
Result: NOTE
     'LazyData' is specified without a 'data' directory
Flavors: r-devel-linux-x86_64-debian-clang, r-devel-linux-x86_64-debian-gcc, r-devel-linux-x86_64-fedora-clang, r-devel-linux-x86_64-fedora-gcc, r-devel-windows-x86_64-new-UL, r-devel-windows-x86_64-new-TK, r-patched-linux-x86_64, r-release-linux-x86_64, r-release-macos-arm64, r-release-macos-x86_64, r-release-windows-ix86+x86_64