CRAN Package Check Results for Package bunchr

Last updated on 2021-07-26 19:49:11 CEST.

Flavor Version Tinstall Tcheck Ttotal Status Flags
r-devel-linux-x86_64-debian-clang 1.2.0 3.47 555.62 559.09 NOTE
r-devel-linux-x86_64-debian-gcc 1.2.0 2.51 401.61 404.12 NOTE
r-devel-linux-x86_64-fedora-clang 1.2.0 643.59 NOTE
r-devel-linux-x86_64-fedora-gcc 1.2.0 645.88 NOTE
r-devel-windows-x86_64 1.2.0 5.00 333.00 338.00 NOTE --no-vignettes
r-devel-windows-x86_64-gcc10-UCRT 1.2.0 NOTE
r-patched-linux-x86_64 1.2.0 2.82 534.82 537.64 NOTE
r-patched-solaris-x86 1.2.0 904.90 NOTE
r-release-linux-x86_64 1.2.0 2.98 528.55 531.53 NOTE
r-release-macos-arm64 1.2.0 NOTE
r-release-macos-x86_64 1.2.0 NOTE
r-release-windows-ix86+x86_64 1.2.0 6.00 315.00 321.00 NOTE --no-vignettes
r-oldrel-macos-x86_64 1.2.0 OK
r-oldrel-windows-ix86+x86_64 1.2.0 5.00 421.00 426.00 OK --no-vignettes

Check Details

Version: 1.2.0
Check: LazyData
Result: NOTE
     'LazyData' is specified without a 'data' directory
Flavors: r-devel-linux-x86_64-debian-clang, r-devel-linux-x86_64-debian-gcc, r-devel-linux-x86_64-fedora-clang, r-devel-linux-x86_64-fedora-gcc, r-devel-windows-x86_64-gcc10-UCRT, r-patched-linux-x86_64, r-patched-solaris-x86, r-release-linux-x86_64, r-release-macos-arm64, r-release-macos-x86_64

Version: 1.2.0
Flags: --no-vignettes
Check: LazyData
Result: NOTE
     'LazyData' is specified without a 'data' directory
Flavors: r-devel-windows-x86_64, r-release-windows-ix86+x86_64