CRAN Package Check Results for Package buildr

Last updated on 2021-07-24 19:50:12 CEST.

Flavor Version Tinstall Tcheck Ttotal Status Flags
r-devel-linux-x86_64-debian-clang 0.1.0 4.52 40.12 44.64 NOTE
r-devel-linux-x86_64-debian-gcc 0.1.0 3.61 30.31 33.92 NOTE
r-devel-linux-x86_64-fedora-clang 0.1.0 60.40 NOTE
r-devel-linux-x86_64-fedora-gcc 0.1.0 50.74 NOTE
r-devel-windows-x86_64 0.1.0 6.00 44.00 50.00 NOTE
r-devel-windows-x86_64-gcc10-UCRT 0.1.0 NOTE
r-patched-linux-x86_64 0.1.0 4.61 37.15 41.76 NOTE
r-patched-solaris-x86 0.1.0 79.70 NOTE
r-release-linux-x86_64 0.1.0 4.50 37.59 42.09 NOTE
r-release-macos-arm64 0.1.0 NOTE
r-release-macos-x86_64 0.1.0 NOTE
r-release-windows-ix86+x86_64 0.1.0 10.00 41.00 51.00 NOTE
r-oldrel-macos-x86_64 0.1.0 OK
r-oldrel-windows-ix86+x86_64 0.1.0 11.00 53.00 64.00 OK

Check Details

Version: 0.1.0
Check: LazyData
Result: NOTE
     'LazyData' is specified without a 'data' directory
Flavors: r-devel-linux-x86_64-debian-clang, r-devel-linux-x86_64-debian-gcc, r-devel-linux-x86_64-fedora-clang, r-devel-linux-x86_64-fedora-gcc, r-devel-windows-x86_64, r-devel-windows-x86_64-gcc10-UCRT, r-patched-linux-x86_64, r-patched-solaris-x86, r-release-linux-x86_64, r-release-macos-arm64, r-release-macos-x86_64, r-release-windows-ix86+x86_64