CRAN Package Check Results for Package bsplus

Last updated on 2021-07-23 07:49:41 CEST.

Flavor Version Tinstall Tcheck Ttotal Status Flags
r-devel-linux-x86_64-debian-clang 0.1.2 4.59 41.13 45.72 NOTE
r-devel-linux-x86_64-debian-gcc 0.1.2 3.60 32.85 36.45 NOTE
r-devel-linux-x86_64-fedora-clang 0.1.2 63.79 NOTE
r-devel-linux-x86_64-fedora-gcc 0.1.2 53.65 NOTE
r-devel-windows-x86_64 0.1.2 5.00 47.00 52.00 NOTE
r-devel-windows-x86_64-gcc10-UCRT 0.1.2 NOTE
r-patched-linux-x86_64 0.1.2 4.88 40.27 45.15 NOTE
r-patched-solaris-x86 0.1.2 79.20 NOTE
r-release-linux-x86_64 0.1.2 4.17 39.71 43.88 NOTE
r-release-macos-arm64 0.1.2 NOTE
r-release-macos-x86_64 0.1.2 NOTE
r-release-windows-ix86+x86_64 0.1.2 10.00 45.00 55.00 NOTE
r-oldrel-macos-x86_64 0.1.2 NOTE
r-oldrel-windows-ix86+x86_64 0.1.2 11.00 57.00 68.00 OK

Check Details

Version: 0.1.2
Check: LazyData
Result: NOTE
     'LazyData' is specified without a 'data' directory
Flavors: r-devel-linux-x86_64-debian-clang, r-devel-linux-x86_64-debian-gcc, r-devel-linux-x86_64-fedora-clang, r-devel-linux-x86_64-fedora-gcc, r-devel-windows-x86_64, r-devel-windows-x86_64-gcc10-UCRT, r-patched-linux-x86_64, r-patched-solaris-x86, r-release-linux-x86_64, r-release-macos-arm64, r-release-macos-x86_64, r-release-windows-ix86+x86_64

Version: 0.1.2
Check: dependencies in R code
Result: NOTE
    Namespace in Imports field not imported from: ‘methods’
     All declared Imports should be used.
Flavors: r-devel-linux-x86_64-fedora-clang, r-devel-linux-x86_64-fedora-gcc, r-devel-windows-x86_64-gcc10-UCRT, r-patched-solaris-x86, r-release-macos-arm64, r-release-macos-x86_64, r-oldrel-macos-x86_64