CRAN Package Check Results for Package bslib

Last updated on 2021-09-25 16:49:21 CEST.

Flavor Version Tinstall Tcheck Ttotal Status Flags
r-devel-linux-x86_64-debian-clang 0.3.0 6.46 109.78 116.24 OK
r-devel-linux-x86_64-debian-gcc 0.3.0 5.62 81.99 87.61 OK
r-devel-linux-x86_64-fedora-clang 0.3.0 143.65 NOTE
r-devel-linux-x86_64-fedora-gcc 0.3.0 138.16 OK
r-devel-windows-x86_64 0.3.0 10.00 110.00 120.00 NOTE
r-devel-windows-x86_64-gcc10-UCRT 0.3.0 OK
r-patched-linux-x86_64 0.3.0 11.21 109.68 120.89 OK
r-patched-solaris-x86 0.3.0 177.20 NOTE
r-release-linux-x86_64 0.3.0 7.64 107.83 115.47 OK
r-release-macos-arm64 0.3.0 NOTE
r-release-macos-x86_64 0.3.0 NOTE
r-release-windows-ix86+x86_64 0.3.0 14.00 110.00 124.00 NOTE
r-oldrel-macos-x86_64 0.3.0 NOTE
r-oldrel-windows-ix86+x86_64 0.3.0 12.00 110.00 122.00 NOTE

Check Details

Version: 0.3.0
Check: installed package size
Result: NOTE
     installed size is 10.1Mb
     sub-directories of 1Mb or more:
     fonts 2.9Mb
     lib 5.3Mb
Flavors: r-devel-linux-x86_64-fedora-clang, r-devel-windows-x86_64, r-patched-solaris-x86, r-release-macos-arm64, r-release-macos-x86_64, r-release-windows-ix86+x86_64, r-oldrel-macos-x86_64, r-oldrel-windows-ix86+x86_64