CRAN Package Check Results for Package bsearchtools

Last updated on 2022-10-02 11:54:09 CEST.

Flavor Version Tinstall Tcheck Ttotal Status Flags
r-devel-linux-x86_64-debian-clang 0.0.61 26.40 31.83 58.23 OK
r-devel-linux-x86_64-debian-gcc 0.0.61 18.58 24.62 43.20 OK
r-devel-linux-x86_64-fedora-clang 0.0.61 88.18 NOTE
r-devel-linux-x86_64-fedora-gcc 0.0.61 77.74 OK
r-devel-windows-x86_64 0.0.61 78.00 77.00 155.00 OK
r-patched-linux-x86_64 0.0.61 23.37 30.25 53.62 OK
r-release-linux-x86_64 0.0.61 22.79 31.06 53.85 OK
r-release-macos-arm64 0.0.61 23.00 OK
r-release-macos-x86_64 0.0.61 34.00 OK
r-release-windows-x86_64 0.0.61 36.00 95.00 131.00 OK
r-oldrel-macos-arm64 0.0.61 29.00 OK
r-oldrel-macos-x86_64 0.0.61 45.00 OK
r-oldrel-windows-ix86+x86_64 0.0.61 55.00 84.00 139.00 OK

Check Details

Version: 0.0.61
Check: Rd cross-references
Result: NOTE
    Undeclared package ‘data.table’ in Rd xrefs
Flavor: r-devel-linux-x86_64-fedora-clang