CRAN Package Check Results for Package bs4Dash

Last updated on 2021-07-28 19:49:45 CEST.

Flavor Version Tinstall Tcheck Ttotal Status Flags
r-devel-linux-x86_64-debian-clang 2.0.2 OK
r-devel-linux-x86_64-debian-gcc 2.0.2 7.64 63.53 71.17 OK
r-devel-linux-x86_64-fedora-clang 2.0.2 118.82 OK
r-devel-linux-x86_64-fedora-gcc 2.0.2 108.87 OK
r-devel-windows-x86_64 2.0.2 12.00 130.00 142.00 OK
r-devel-windows-x86_64-gcc10-UCRT 2.0.0 NOTE
r-patched-linux-x86_64 2.0.2 17.88 78.45 96.33 OK
r-patched-solaris-x86 2.0.2 146.70 OK
r-release-linux-x86_64 2.0.2 8.08 78.15 86.23 OK
r-release-macos-arm64 2.0.2 OK
r-release-macos-x86_64 2.0.2 OK
r-release-windows-ix86+x86_64 2.0.2 19.00 125.00 144.00 OK
r-oldrel-macos-x86_64 2.0.2 OK
r-oldrel-windows-ix86+x86_64 2.0.2 14.00 93.00 107.00 OK

Check Details

Version: 2.0.0
Check: dependencies in R code
Result: NOTE
    Namespace in Imports field not imported from: 'lifecycle'
     All declared Imports should be used.
Flavor: r-devel-windows-x86_64-gcc10-UCRT