CRAN Package Check Results for Package broom.mixed

Last updated on 2021-08-05 20:05:45 CEST.

Flavor Version Tinstall Tcheck Ttotal Status Flags
r-devel-linux-x86_64-debian-clang 0.2.7 8.40 187.44 195.84 NOTE
r-devel-linux-x86_64-debian-gcc 0.2.7 6.50 161.43 167.93 NOTE
r-devel-linux-x86_64-fedora-clang 0.2.7 219.93 NOTE
r-devel-linux-x86_64-fedora-gcc 0.2.7 226.12 NOTE
r-devel-windows-x86_64 0.2.7 13.00 187.00 200.00 NOTE
r-devel-windows-x86_64-gcc10-UCRT 0.2.7 ERROR
r-patched-linux-x86_64 0.2.7 7.56 180.90 188.46 NOTE
r-patched-solaris-x86 0.2.7 198.90 NOTE
r-release-linux-x86_64 0.2.7 8.11 200.76 208.87 NOTE
r-release-macos-arm64 0.2.7 WARN
r-release-macos-x86_64 0.2.7 NOTE
r-release-windows-ix86+x86_64 0.2.7 16.00 178.00 194.00 NOTE
r-oldrel-macos-x86_64 0.2.7 NOTE
r-oldrel-windows-ix86+x86_64 0.2.7 16.00 186.00 202.00 NOTE

Check Details

Version: 0.2.7
Check: package dependencies
Result: NOTE
    Package suggested but not available for checking: 'glmmADMB'
Flavors: r-devel-linux-x86_64-debian-clang, r-devel-linux-x86_64-debian-gcc, r-devel-linux-x86_64-fedora-clang, r-devel-linux-x86_64-fedora-gcc, r-devel-windows-x86_64, r-patched-linux-x86_64, r-release-linux-x86_64, r-release-macos-x86_64, r-release-windows-ix86+x86_64, r-oldrel-macos-x86_64, r-oldrel-windows-ix86+x86_64

Version: 0.2.7
Check: package dependencies
Result: ERROR
    Packages required but not available: 'broom', 'dplyr', 'tibble', 'tidyr'
    
    Packages suggested but not available for checking:
     'brms', 'dotwhisker', 'testthat', 'ggplot2', 'glmmADMB', 'lmerTest',
     'pbkrtest', 'rstan', 'rstanarm'
    
    See section 'The DESCRIPTION file' in the 'Writing R Extensions'
    manual.
Flavor: r-devel-windows-x86_64-gcc10-UCRT

Version: 0.2.7
Check: package dependencies
Result: NOTE
    Packages suggested but not available for checking: 'glmmADMB', 'glmmTMB'
Flavor: r-patched-solaris-x86

Version: 0.2.7
Check: package dependencies
Result: NOTE
    Packages suggested but not available for checking: 'glmmADMB', 'R2jags'
Flavor: r-release-macos-arm64

Version: 0.2.7
Check: re-building of vignette outputs
Result: WARN
    Error(s) in re-building vignettes:
    --- re-building ‘broom_mixed_intro.rmd’ using rmarkdown
    Warning in engine$weave(file, quiet = quiet, encoding = enc) :
     Pandoc (>= 1.12.3) not available. Falling back to R Markdown v1.
    
    Attaching package: 'dplyr'
    
    The following objects are masked from 'package:stats':
    
     filter, lag
    
    The following objects are masked from 'package:base':
    
     intersect, setdiff, setequal, union
    
    Loading required package: brms
    Loading required package: Rcpp
    Loading 'brms' package (version 2.15.0). Useful instructions
    can be found by typing help('brms'). A more detailed introduction
    to the package is available through vignette('brms_overview').
    
    Attaching package: 'brms'
    
    The following object is masked from 'package:stats':
    
     ar
    
    Loading required package: dotwhisker
    Loading required package: ggplot2
    Warning in grid.Call(C_stringMetric, as.graphicsAnnot(x$label)) :
     no font could be found for family "Arial"
    Warning in grid.Call(C_stringMetric, as.graphicsAnnot(x$label)) :
     no font could be found for family "Arial"
    Warning in grid.Call(C_stringMetric, as.graphicsAnnot(x$label)) :
     no font could be found for family "Arial"
    Warning in grid.Call(C_stringMetric, as.graphicsAnnot(x$label)) :
     no font could be found for family "Arial"
    Warning in grid.Call(C_stringMetric, as.graphicsAnnot(x$label)) :
     no font could be found for family "Arial"
    Warning in grid.Call(C_stringMetric, as.graphicsAnnot(x$label)) :
     no font could be found for family "Arial"
    Warning in grid.Call(C_stringMetric, as.graphicsAnnot(x$label)) :
     no font could be found for family "Arial"
    Warning in grid.Call(C_stringMetric, as.graphicsAnnot(x$label)) :
     no font could be found for family "Arial"
    Warning in grid.Call(C_stringMetric, as.graphicsAnnot(x$label)) :
     no font could be found for family "Arial"
    Warning in grid.Call(C_stringMetric, as.graphicsAnnot(x$label)) :
     no font could be found for family "Arial"
    Warning in grid.Call(C_stringMetric, as.graphicsAnnot(x$label)) :
     no font could be found for family "Arial"
    Warning in grid.Call(C_stringMetric, as.graphicsAnnot(x$label)) :
     no font could be found for family "Arial"
    Warning in grid.Call(C_stringMetric, as.graphicsAnnot(x$label)) :
     no font could be found for family "Arial"
    Warning in grid.Call(C_stringMetric, as.graphicsAnnot(x$label)) :
     no font could be found for family "Arial"
    Warning in grid.Call(C_stringMetric, as.graphicsAnnot(x$label)) :
     no font could be found for family "Arial"
    Warning in grid.Call(C_stringMetric, as.graphicsAnnot(x$label)) :
     no font could be found for family "Arial"
    Warning in grid.Call(C_stringMetric, as.graphicsAnnot(x$label)) :
     no font could be found for family "Arial"
    Warning in grid.Call(C_stringMetric, as.graphicsAnnot(x$label)) :
     no font could be found for family "Arial"
    Warning in grid.Call(C_stringMetric, as.graphicsAnnot(x$label)) :
     no font could be found for family "Arial"
    Warning in grid.Call(C_stringMetric, as.graphicsAnnot(x$label)) :
     no font could be found for family "Arial"
    Warning in grid.Call(C_stringMetric, as.graphicsAnnot(x$label)) :
     no font could be found for family "Arial"
    Warning in grid.Call(C_stringMetric, as.graphicsAnnot(x$label)) :
     no font could be found for family "Arial"
    Warning in grid.Call(C_stringMetric, as.graphicsAnnot(x$label)) :
     no font could be found for family "Arial"
    Warning in grid.Call(C_stringMetric, as.graphicsAnnot(x$label)) :
     no font could be found for family "Arial"
    Warning in grid.Call(C_stringMetric, as.graphicsAnnot(x$label)) :
     no font could be found for family "Arial"
    Warning in grid.Call(C_stringMetric, as.graphicsAnnot(x$label)) :
     no font could be found for family "Arial"
    Warning in grid.Call(C_stringMetric, as.graphicsAnnot(x$label)) :
     no font could be found for family "Arial"
    Warning in grid.Call(C_stringMetric, as.graphicsAnnot(x$label)) :
     no font could be found for family "Arial"
    Quitting from lines 68-82 (broom_mixed_intro.rmd)
    Error: processing vignette 'broom_mixed_intro.rmd' failed with diagnostics:
    polygon edge not found
    --- failed re-building ‘broom_mixed_intro.rmd’
    
    SUMMARY: processing the following file failed:
     ‘broom_mixed_intro.rmd’
    
    Error: Vignette re-building failed.
    Execution halted
Flavor: r-release-macos-arm64