CRAN Package Check Results for Package broom

Last updated on 2022-05-19 14:52:14 CEST.

Flavor Version Tinstall Tcheck Ttotal Status Flags
r-devel-linux-x86_64-debian-clang 0.8.0 17.26 364.90 382.16 OK
r-devel-linux-x86_64-debian-gcc 0.8.0 12.14 253.89 266.03 OK
r-devel-linux-x86_64-fedora-clang 0.8.0 496.74 NOTE
r-devel-linux-x86_64-fedora-gcc 0.8.0 483.08 NOTE
r-devel-windows-x86_64 0.8.0 125.00 580.00 705.00 OK
r-patched-linux-x86_64 0.8.0 25.61 341.77 367.38 OK
r-release-linux-x86_64 0.8.0 10.55 341.61 352.16 OK
r-release-macos-arm64 0.8.0 140.00 NOTE
r-release-macos-x86_64 0.8.0 194.00 NOTE
r-release-windows-x86_64 0.8.0 116.00 567.00 683.00 OK
r-oldrel-macos-arm64 0.8.0 110.00 NOTE
r-oldrel-macos-x86_64 0.8.0 180.00 NOTE
r-oldrel-windows-ix86+x86_64 0.8.0 31.00 553.00 584.00 OK

Check Details

Version: 0.8.0
Check: dependencies in R code
Result: NOTE
    Namespace in Imports field not imported from: ‘ggplot2’
     All declared Imports should be used.
Flavors: r-devel-linux-x86_64-fedora-clang, r-devel-linux-x86_64-fedora-gcc, r-release-macos-arm64, r-release-macos-x86_64, r-oldrel-macos-arm64, r-oldrel-macos-x86_64