CRAN Package Check Results for Package bridgesampling

Last updated on 2021-10-18 04:54:13 CEST.

Flavor Version Tinstall Tcheck Ttotal Status Flags
r-devel-linux-x86_64-debian-clang 1.1-2 11.11 221.10 232.21 OK
r-devel-linux-x86_64-debian-gcc 1.1-2 8.28 171.77 180.05 OK
r-devel-linux-x86_64-fedora-clang 1.1-2 286.13 OK
r-devel-linux-x86_64-fedora-gcc 1.1-2 298.90 OK
r-devel-windows-x86_64 1.1-2 15.00 205.00 220.00 OK
r-devel-windows-x86_64-gcc10-UCRT 1.1-2 OK
r-patched-linux-x86_64 1.1-2 10.81 236.83 247.64 OK
r-patched-solaris-x86 1.1-2 300.60 OK
r-release-linux-x86_64 1.1-2 9.40 237.00 246.40 OK
r-release-macos-arm64 1.1-2 ERROR
r-release-macos-x86_64 1.1-2 OK
r-release-windows-ix86+x86_64 1.1-2 17.00 211.00 228.00 OK
r-oldrel-macos-x86_64 1.1-2 OK
r-oldrel-windows-ix86+x86_64 1.1-2 24.00 207.00 231.00 OK

Check Details

Version: 1.1-2
Check: tests
Result: ERROR
     Running ‘testthat.R’ [23s/27s]
    Running the tests in ‘tests/testthat.R’ failed.
    Complete output:
     > Sys.setenv("R_TESTS" = "")
     > library(testthat)
     >
     > test_check("bridgesampling")
     Loading required package: bridgesampling
     Median of 10 bridge sampling estimates
     of the log marginal likelihood: 4293.156
     Range of estimates: 4290.976 to 4294.028
     Interquartile range: 1.62594
     Method: normal
Flavor: r-release-macos-arm64